{"id":886,"date":"2019-11-14T09:41:01","date_gmt":"2019-11-14T08:41:01","guid":{"rendered":"https:\/\/bsmedien.musin.de\/medienberufe\/?page_id=886"},"modified":"2025-09-17T17:07:37","modified_gmt":"2025-09-17T15:07:37","slug":"projekt-promis-glauben","status":"publish","type":"page","link":"https:\/\/bsmedien.musin.de\/medienberufe\/kurse\/projekt-promis-glauben\/","title":{"rendered":"Projektmanagement &#8211; Projekt PromisGlauben"},"content":{"rendered":"<p>[et_pb_section fb_built=&#8220;1&#8243; _builder_version=&#8220;4.16&#8243; custom_padding=&#8220;18px||||false|false&#8220; global_colors_info=&#8220;{}&#8220;][et_pb_row column_structure=&#8220;3_5,2_5&#8243; _builder_version=&#8220;4.16&#8243; custom_padding=&#8220;20px||||false|false&#8220; global_colors_info=&#8220;{}&#8220;][et_pb_column type=&#8220;3_5&#8243; _builder_version=&#8220;4.16&#8243; global_colors_info=&#8220;{}&#8220;][et_pb_text _builder_version=&#8220;4.16&#8243; global_colors_info=&#8220;{}&#8220;]<\/p>\n<h3>Projektmanagement &#8211; Projekt PromisGlauben<\/h3>\n<p>Mit christlichen Werten in F\u00fchrung gehen<\/p>\n<p><strong>Voraussetzung:<\/strong><br \/>keine<\/p>\n<p><strong>Lernzielkontrolle:<\/strong><\/p>\n<p>1 Schulaufgabe<br \/>2 m\u00fcndl. Leistungsnachweise (Projektpr\u00e4sentation, Portfolio)<\/p>\n<p><strong>Kurzbeschreibung:<\/strong><\/p>\n<p>Die Wirtschaft verlangt immer mehr nach Menschen mit Mentalit\u00e4t und Resilienz. Die Bildungsziele betonen ganz in diesem Sinne die Herz- und Charakterbildung (Art. 131 BV).<\/p>\n<p>Hier setzt das Projekt PromisGlauben an (<a href=\"http:\/\/www.promisglauben.de\" target=\"_blank\" rel=\"noopener\">www.promisglauben.de<\/a>). Es m\u00f6chte \u00fcber Statements von prominenten Pers\u00f6nlichkeiten den Dialog \u00fcber die christlichen Werte und den damit verbundenen Glauben auf neue Weise anregen.<\/p>\n<p>Wenn z.B. Fu\u00dfball-Welttrainer <em>J\u00fcrgen Klopp<\/em> Werte wie \u201eDemut, Durchhalteverm\u00f6gen, Dankbarkeit und (einander) Dienen\u201c als wichtige Bausteine seines Coachings betont, ist das eine Inspiration f\u00fcr andere dar\u00fcber nachzudenken.<\/p>\n<p>Die Ressource christlicher Werte wird auch von Top-Unternehmern wie u.a. <em>Heinrich Deichmann<\/em>, Intel-Chef <br \/><em>Pat Gelsinger<\/em> oder Mercedes-Managerin <em>Annette Winkler <\/em>zunehmend betont. So z\u00e4hlt etwa der im zweij\u00e4hrigen Turnus stattfindende Kongress christlicher F\u00fchrungskr\u00e4fte heute mehrere Tausend Teilnehmer.<\/p>\n<p>Ein Interview zum Projekt PromisGlauben finden Sie <a href=\"https:\/\/www.youtube.com\/watch?v=ON3er8_PM-o\" target=\"_blank\" rel=\"noopener\">HIER<\/a><\/p>\n<p><strong>Lerninhalte:<\/strong><\/p>\n<p>Im Kurs Projektmanagement am Beispiel des Projekts PromisGlauben setzten Sie sich neben Grundlagen zum PM auch mit wirtschaftsethischen Fragestellungen und der christlichen Sozialethik auseinander.\u00a0<\/p>\n<p>Praktisch verfolgen Sie gemeinsam mit Markus Kosian, dem Initiator von PromisGlauben, u.a. das Ziel die \u00d6ffentlichkeitswirksamkeit des Projekts zu steigern.<\/p>\n<p>Auf Basis ethischer Grundlagen setzen Sie sich mit planerisch-operativen Aufgaben kreativ auseinander, u.a. im Bereich Offline- und Online-Marketing, Social-Media-Pr\u00e4senz, Content-Management, SEO, Google-Ads, Gestaltung &#8211; Webseite, Ansprache von Promis (direkt oder \u00fcber deren Management), Entwurf eines Claims, Etablierung der Marke.<\/p>\n<p>Sie gestalten Vorhaben bei Ber\u00fccksichtigung der Interessen der\u00a0<em>Stakeholder<\/em>, setzen sie fachm\u00e4nnisch um, ohne Ressourcen und Budget aus dem Blick zu verlieren.<\/p>\n<p>&nbsp;<\/p>\n<p>&nbsp;<\/p>\n<p>[\/et_pb_text][\/et_pb_column][et_pb_column type=&#8220;2_5&#8243; _builder_version=&#8220;4.16&#8243; global_colors_info=&#8220;{}&#8220;][et_pb_text _builder_version=&#8220;4.18.0&#8243; global_colors_info=&#8220;{}&#8220;]<\/p>\n<p><strong>Kurs\u00fcbersicht<\/strong><a href=\"https:\/\/bsmedien.musin.de\/medienberufe\/kurse\/analyse-von-werbemitteln\/\"><\/a><\/p>\n<p>&nbsp;<\/p>\n<p><a href=\"https:\/\/bsmedien.musin.de\/medienberufe\/kurse\/analyse-von-werbemitteln\/\">Analyse von Werbemitteln *<\/a><br \/><a href=\"https:\/\/bsmedien.musin.de\/medienberufe\/kurse\/brandmanagement\">Brandmanagement *<\/a><br \/><a href=\"https:\/\/bsmedien.musin.de\/medienberufe\/kurse\/content-marketing\/\">Content Marketing *<\/a><br \/><a href=\"https:\/\/bsmedien.musin.de\/medienberufe\/kurse\/desktop-publishing-mit-indesign\/\">Desktop-Publishing mit InDesign<\/a><br \/><a href=\"https:\/\/bsmedien.musin.de\/medienberufe\/kurse\/digitale-bildbearbeitung-fuer-anfaenger\/\">Digitale Bildbearbeitung f\u00fcr Anf\u00e4nger<\/a><br \/><a href=\"https:\/\/bsmedien.musin.de\/medienberufe\/kurse\/digitale-fotografie\/\">Digitale Fotografie<\/a><br \/><a href=\"https:\/\/bsmedien.musin.de\/medienberufe\/kurse\/english-skills-practice\/\">English Skills Practice<\/a><br \/><a href=\"https:\/\/bsmedien.musin.de\/medienberufe\/kurse\/entspannungstechniken\/\">Entspannungstechniken<\/a><br \/><a href=\"https:\/\/bsmedien.musin.de\/medienberufe\/kurse\/existenzgruendung-business-plan\/\">Existenzgr\u00fcndung \/ Businessplan<\/a><br \/><a href=\"https:\/\/bsmedien.musin.de\/medienberufe\/kurse\/eventmanagement\/\">Eventmanagement<\/a><br \/><a href=\"https:\/\/bsmedien.musin.de\/medienberufe\/kurse\/influencermarketing\/\">Influencermarketing<\/a><br \/><a href=\"https:\/\/bsmedien.musin.de\/medienberufe\/?page_id=2711&amp;preview=true\">Interkulturelle Kommunikation*<\/a><br \/><a href=\"https:\/\/bsmedien.musin.de\/medienberufe\/kurse\/internationale-literatur-1\/\">Internationale Literatur 1 *<\/a><br \/><a href=\"https:\/\/bsmedien.musin.de\/medienberufe\/kurse\/internationale-literatur-2\/\">Internationale Literatur 2 *<\/a><br \/><a href=\"https:\/\/bsmedien.musin.de\/medienberufe\/kurse\/klima-management-communication\/\">Klima: Management &amp; Communication*<\/a><br \/><a href=\"https:\/\/bsmedien.musin.de\/medienberufe\/kurse\/kommunikationskompetenz\/\"><\/a><a href=\"https:\/\/bsmedien.musin.de\/medienberufe\/kurse\/kommunikationskompetenz\/\">Kommunikationskompetenz *<\/a><br \/><a href=\"https:\/\/bsmedien.musin.de\/medienberufe\/kurse\/kreativitaetstechniken\/\">Kreativit\u00e4tstechniken *<\/a><br \/><a href=\"https:\/\/bsmedien.musin.de\/medienberufe\/kurse\/literatur-1\/\">Literatur 1 *<\/a><br \/><a href=\"https:\/\/bsmedien.musin.de\/medienberufe\/kurse\/literatur-fuer-bibliothekare-2\/\">Literatur 2 *<\/a><br \/><a href=\"https:\/\/bsmedien.musin.de\/medienberufe\/kurse\/literatur-fuer-bibliothekare-3\/\">Literatur 3 *<\/a><br \/><a href=\"https:\/\/bsmedien.musin.de\/medienberufe\/kurse\/medienethik\/\">Medienethik<\/a><br \/><a href=\"https:\/\/bsmedien.musin.de\/medienberufe\/kurse\/projekt-promis-glauben\/\">Projektmanagement &#8211; Projekt PromisGlauben<\/a><br \/><a href=\"https:\/\/bsmedien.musin.de\/medienberufe\/kurse\/musikgeschichte\/\">Musikgeschichte *<\/a><br \/><a href=\"https:\/\/bsmedien.musin.de\/medienberufe\/kurse\/religion\/\">Religion<\/a><br \/><a href=\"https:\/\/bsmedien.musin.de\/medienberufe\/kurse\/rhetoriktraining\/\">Rhetoriktraining *<\/a><br \/><a href=\"https:\/\/bsmedien.musin.de\/medienberufe\/kurse\/social-media-marketing\/\">Social Media Marketing<\/a><br \/><a href=\"https:\/\/bsmedien.musin.de\/medienberufe\/kurse\/spanisch\/\">Spanisch<\/a><br \/><a href=\"https:\/\/bsmedien.musin.de\/medienberufe\/kurse\/stressmanagement\/\">Stressmanagement *<\/a><br \/><a href=\"https:\/\/bsmedien.musin.de\/medienberufe\/kurse\/art-of-museum\/\">The Art of Museum<\/a><br \/><a href=\"https:\/\/bsmedien.musin.de\/medienberufe\/kurse\/werbepsychologie\/\">Werbepsychologie<\/a><\/p>\n<p><a href=\"https:\/\/bsmedien.musin.de\/medienberufe\/kurse\/werbepsychologie\/\"><\/a><o:p><\/o:p><\/p>\n<p><a href=\"https:\/\/bsmedien.musin.de\/medienberufe\/kurse\/werbepsychologie\/\"><\/a><\/p>\n<p>*deutschrelevant<\/p>\n<p>[\/et_pb_text][\/et_pb_column][\/et_pb_row][\/et_pb_section]<\/p>\n","protected":false},"excerpt":{"rendered":"<p>Projektmanagement &#8211; Projekt PromisGlauben Mit christlichen Werten in F\u00fchrung gehen Voraussetzung:keine Lernzielkontrolle: 1 Schulaufgabe2 m\u00fcndl. Leistungsnachweise (Projektpr\u00e4sentation, Portfolio) Kurzbeschreibung: Die Wirtschaft verlangt immer mehr nach Menschen mit Mentalit\u00e4t und Resilienz. Die Bildungsziele betonen ganz in diesem Sinne die Herz- und Charakterbildung (Art. 131 BV). Hier setzt das Projekt PromisGlauben an (www.promisglauben.de). Es m\u00f6chte \u00fcber Statements [&hellip;]<\/p>\n","protected":false},"author":1,"featured_media":0,"parent":131,"menu_order":0,"comment_status":"closed","ping_status":"closed","template":"","meta":{"_et_pb_use_builder":"on","_et_pb_old_content":"","_et_gb_content_width":"","footnotes":""},"class_list":["post-886","page","type-page","status-publish","hentry"],"_links":{"self":[{"href":"https:\/\/bsmedien.musin.de\/medienberufe\/wp-json\/wp\/v2\/pages\/886","targetHints":{"allow":["GET"]}}],"collection":[{"href":"https:\/\/bsmedien.musin.de\/medienberufe\/wp-json\/wp\/v2\/pages"}],"about":[{"href":"https:\/\/bsmedien.musin.de\/medienberufe\/wp-json\/wp\/v2\/types\/page"}],"author":[{"embeddable":true,"href":"https:\/\/bsmedien.musin.de\/medienberufe\/wp-json\/wp\/v2\/users\/1"}],"replies":[{"embeddable":true,"href":"https:\/\/bsmedien.musin.de\/medienberufe\/wp-json\/wp\/v2\/comments?post=886"}],"version-history":[{"count":18,"href":"https:\/\/bsmedien.musin.de\/medienberufe\/wp-json\/wp\/v2\/pages\/886\/revisions"}],"predecessor-version":[{"id":3347,"href":"https:\/\/bsmedien.musin.de\/medienberufe\/wp-json\/wp\/v2\/pages\/886\/revisions\/3347"}],"up":[{"embeddable":true,"href":"https:\/\/bsmedien.musin.de\/medienberufe\/wp-json\/wp\/v2\/pages\/131"}],"wp:attachment":[{"href":"https:\/\/bsmedien.musin.de\/medienberufe\/wp-json\/wp\/v2\/media?parent=886"}],"curies":[{"name":"wp","href":"https:\/\/api.w.org\/{rel}","templated":true}]}}