{"id":857,"date":"2019-11-14T08:53:32","date_gmt":"2019-11-14T07:53:32","guid":{"rendered":"https:\/\/bsmedien.musin.de\/medienberufe\/?page_id=857"},"modified":"2025-09-17T17:03:45","modified_gmt":"2025-09-17T15:03:45","slug":"kreativitaetstechniken","status":"publish","type":"page","link":"https:\/\/bsmedien.musin.de\/medienberufe\/kurse\/kreativitaetstechniken\/","title":{"rendered":"Kreativit\u00e4tstechniken"},"content":{"rendered":"<p>[et_pb_section fb_built=&#8220;1&#8243; _builder_version=&#8220;4.16&#8243; custom_padding=&#8220;18px||||false|false&#8220; global_colors_info=&#8220;{}&#8220;][et_pb_row column_structure=&#8220;3_5,2_5&#8243; _builder_version=&#8220;4.16&#8243; custom_padding=&#8220;20px||||false|false&#8220; global_colors_info=&#8220;{}&#8220;][et_pb_column type=&#8220;3_5&#8243; _builder_version=&#8220;4.16&#8243; global_colors_info=&#8220;{}&#8220;][et_pb_text _builder_version=&#8220;4.17.6&#8243; global_colors_info=&#8220;{}&#8220;]<\/p>\n<h3>Kreativit\u00e4tstechniken<\/h3>\n<p><strong>Entdecke und erwecke Dein kreatives Potential!<\/strong><\/p>\n<p>deutschrelevant<\/p>\n<p><strong>Voraussetzungen:<\/strong><br \/>keine<\/p>\n<p><strong>Lernzielkontrolle:<\/strong><\/p>\n<ul>\n<li>jeweils 2-4 SuS (je nach Kursgr\u00f6\u00dfe) stellen eine ausgew\u00e4hlte Kreativit\u00e4tstechnik im Kurs vor, erstellen daf\u00fcr ein Handout und f\u00fchren eine \u00dcbung im Kurs dazu durch.<\/li>\n<li>Daf\u00fcr gibt es 2 m\u00fcndliche Noten (1. Note = Inhalt\/Darstellung, 2. Note = Durchf\u00fchrung\/Pr\u00e4sentation)<\/li>\n<\/ul>\n<p>Die Handouts sind gegen Ende des Kurses Grundlage f\u00fcr eine SA zu den Kreativit\u00e4tstechniken<\/p>\n<p><strong>Kurzbeschreibung:<\/strong><\/p>\n<p>\u201e<strong>Zukunft entsteht durch Kreativit\u00e4t!<\/strong>\u201c<\/p>\n<p>&nbsp;<\/p>\n<p>Sind Sie (schon) kreativ? Wollen Sie Ihr kreatives Potential erkennen, entfalten und trainieren? Haben Sie Spa\u00df daran, mit anderen KursteilnehmerInnen auch mal \u201everr\u00fcckte\u201c Sachen zu machen und sich selbst in jeder Stunde aktiv mit einzubringen? Dann sind Sie hier genau richtig! \ud83d\ude42<\/p>\n<p>In diesem Kurs geht es darum, dass Sie sich mit dem Thema Kreativit\u00e4t aus verschiedenen Perspektiven besch\u00e4ftigen &#8211; und dabei in vielen abwechslungsreichen \u00dcbungen aktiv Ihr eigenes kreatives Potential entfalten k\u00f6nnen.<\/p>\n<p>Sie lernen diverse Kreativit\u00e4tstechniken kennen, die auch in der beruflichen Praxis eine immer gr\u00f6\u00dfere Rolle spielen, und k\u00f6nnen diese direkt anhand von konkreten Aufgabenstellungen ausprobieren. Au\u00dferdem wenden wir diverse kreative Auswertungs-\/Feedbackmethoden im Kurs an, die auch gut im beruflichen Kontext genutzt werden k\u00f6nnen.<\/p>\n<p>Auf diese Weise haben Sie die M\u00f6glichkeit, Ihre pers\u00f6nlichen kreativen Kompetenzen zu erweitern und in Ihrem zuk\u00fcnftigen beruflichen und privaten Lebensweg gewinnbringend einzusetzen.<\/p>\n<p><strong>Lerninhalte:<\/strong><\/p>\n<ul>\n<li>allgemeine Fragestellungen zum Thema Kreativit\u00e4t<\/li>\n<li>Test: Wie kreativ bin ich?<\/li>\n<li>ausgew\u00e4hlte Kreativit\u00e4tstechniken kennen lernen<\/li>\n<li>Verschiedene Auswertungs-\/Feedbackmethoden<\/li>\n<li>aktives Training der verschiedenen Aspekte der Kreativit\u00e4t durch abwechslungsreiche \u00dcbungen<\/li>\n<\/ul>\n<ul><\/ul>\n<p>&nbsp;<\/p>\n<p>[\/et_pb_text][\/et_pb_column][et_pb_column type=&#8220;2_5&#8243; _builder_version=&#8220;4.16&#8243; global_colors_info=&#8220;{}&#8220;][et_pb_text _builder_version=&#8220;4.18.0&#8243; global_colors_info=&#8220;{}&#8220;]<\/p>\n<p><strong>Kurs\u00fcbersicht<\/strong><a href=\"https:\/\/bsmedien.musin.de\/medienberufe\/kurse\/analyse-von-werbemitteln\/\"><\/a><\/p>\n<p>&nbsp;<\/p>\n<p><a href=\"https:\/\/bsmedien.musin.de\/medienberufe\/kurse\/analyse-von-werbemitteln\/\">Analyse von Werbemitteln *<\/a><br \/><a href=\"https:\/\/bsmedien.musin.de\/medienberufe\/kurse\/brandmanagement\">Brandmanagement *<\/a><br \/><a href=\"https:\/\/bsmedien.musin.de\/medienberufe\/kurse\/content-marketing\/\">Content Marketing *<\/a><br \/><a href=\"https:\/\/bsmedien.musin.de\/medienberufe\/kurse\/desktop-publishing-mit-indesign\/\">Desktop-Publishing mit InDesign<\/a><br \/><a href=\"https:\/\/bsmedien.musin.de\/medienberufe\/kurse\/digitale-bildbearbeitung-fuer-anfaenger\/\">Digitale Bildbearbeitung f\u00fcr Anf\u00e4nger<\/a><br \/><a href=\"https:\/\/bsmedien.musin.de\/medienberufe\/kurse\/digitale-fotografie\/\">Digitale Fotografie<\/a><br \/><a href=\"https:\/\/bsmedien.musin.de\/medienberufe\/kurse\/english-skills-practice\/\">English Skills Practice<\/a><br \/><a href=\"https:\/\/bsmedien.musin.de\/medienberufe\/kurse\/entspannungstechniken\/\">Entspannungstechniken<\/a><br \/><a href=\"https:\/\/bsmedien.musin.de\/medienberufe\/kurse\/existenzgruendung-business-plan\/\">Existenzgr\u00fcndung \/ Businessplan<\/a><br \/><a href=\"https:\/\/bsmedien.musin.de\/medienberufe\/kurse\/eventmanagement\/\">Eventmanagement<\/a><br \/><a href=\"https:\/\/bsmedien.musin.de\/medienberufe\/kurse\/influencermarketing\/\">Influencermarketing<\/a><br \/><a href=\"https:\/\/bsmedien.musin.de\/medienberufe\/?page_id=2711&amp;preview=true\">Interkulturelle Kommunikation*<\/a><br \/><a href=\"https:\/\/bsmedien.musin.de\/medienberufe\/kurse\/internationale-literatur-1\/\">Internationale Literatur 1 *<\/a><br \/><a href=\"https:\/\/bsmedien.musin.de\/medienberufe\/kurse\/internationale-literatur-2\/\">Internationale Literatur 2 *<\/a><br \/><a href=\"https:\/\/bsmedien.musin.de\/medienberufe\/kurse\/klima-management-communication\/\">Klima: Management &amp; Communication*<\/a><br \/><a href=\"https:\/\/bsmedien.musin.de\/medienberufe\/kurse\/kommunikationskompetenz\/\"><\/a><a href=\"https:\/\/bsmedien.musin.de\/medienberufe\/kurse\/kommunikationskompetenz\/\">Kommunikationskompetenz *<\/a><br \/><a href=\"https:\/\/bsmedien.musin.de\/medienberufe\/kurse\/kreativitaetstechniken\/\">Kreativit\u00e4tstechniken *<\/a><br \/><a href=\"https:\/\/bsmedien.musin.de\/medienberufe\/kurse\/literatur-1\/\">Literatur 1 *<\/a><br \/><a href=\"https:\/\/bsmedien.musin.de\/medienberufe\/kurse\/literatur-fuer-bibliothekare-2\/\">Literatur 2 *<\/a><br \/><a href=\"https:\/\/bsmedien.musin.de\/medienberufe\/kurse\/literatur-fuer-bibliothekare-3\/\">Literatur 3 *<\/a><br \/><a href=\"https:\/\/bsmedien.musin.de\/medienberufe\/kurse\/medienethik\/\">Medienethik<\/a><br \/><a href=\"https:\/\/bsmedien.musin.de\/medienberufe\/kurse\/projekt-promis-glauben\/\">Projektmanagement &#8211; Projekt PromisGlauben<\/a><br \/><a href=\"https:\/\/bsmedien.musin.de\/medienberufe\/kurse\/musikgeschichte\/\">Musikgeschichte *<\/a><br \/><a href=\"https:\/\/bsmedien.musin.de\/medienberufe\/kurse\/religion\/\">Religion<\/a><br \/><a href=\"https:\/\/bsmedien.musin.de\/medienberufe\/kurse\/rhetoriktraining\/\">Rhetoriktraining *<\/a><br \/><a href=\"https:\/\/bsmedien.musin.de\/medienberufe\/kurse\/social-media-marketing\/\">Social Media Marketing<\/a><br \/><a href=\"https:\/\/bsmedien.musin.de\/medienberufe\/kurse\/spanisch\/\">Spanisch<\/a><br \/><a href=\"https:\/\/bsmedien.musin.de\/medienberufe\/kurse\/stressmanagement\/\">Stressmanagement *<\/a><br \/><a href=\"https:\/\/bsmedien.musin.de\/medienberufe\/kurse\/art-of-museum\/\">The Art of Museum<\/a><br \/><a href=\"https:\/\/bsmedien.musin.de\/medienberufe\/kurse\/werbepsychologie\/\">Werbepsychologie<\/a><\/p>\n<p><a href=\"https:\/\/bsmedien.musin.de\/medienberufe\/kurse\/werbepsychologie\/\"><\/a><o:p><\/o:p><\/p>\n<p><a href=\"https:\/\/bsmedien.musin.de\/medienberufe\/kurse\/werbepsychologie\/\"><\/a><\/p>\n<p>*deutschrelevant<\/p>\n<p>[\/et_pb_text][\/et_pb_column][\/et_pb_row][\/et_pb_section]<\/p>\n","protected":false},"excerpt":{"rendered":"<p>Kreativit\u00e4tstechniken Entdecke und erwecke Dein kreatives Potential! deutschrelevant Voraussetzungen:keine Lernzielkontrolle: jeweils 2-4 SuS (je nach Kursgr\u00f6\u00dfe) stellen eine ausgew\u00e4hlte Kreativit\u00e4tstechnik im Kurs vor, erstellen daf\u00fcr ein Handout und f\u00fchren eine \u00dcbung im Kurs dazu durch. Daf\u00fcr gibt es 2 m\u00fcndliche Noten (1. Note = Inhalt\/Darstellung, 2. Note = Durchf\u00fchrung\/Pr\u00e4sentation) Die Handouts sind gegen Ende des [&hellip;]<\/p>\n","protected":false},"author":1,"featured_media":0,"parent":131,"menu_order":0,"comment_status":"closed","ping_status":"closed","template":"","meta":{"_et_pb_use_builder":"on","_et_pb_old_content":"","_et_gb_content_width":"","footnotes":""},"class_list":["post-857","page","type-page","status-publish","hentry"],"_links":{"self":[{"href":"https:\/\/bsmedien.musin.de\/medienberufe\/wp-json\/wp\/v2\/pages\/857","targetHints":{"allow":["GET"]}}],"collection":[{"href":"https:\/\/bsmedien.musin.de\/medienberufe\/wp-json\/wp\/v2\/pages"}],"about":[{"href":"https:\/\/bsmedien.musin.de\/medienberufe\/wp-json\/wp\/v2\/types\/page"}],"author":[{"embeddable":true,"href":"https:\/\/bsmedien.musin.de\/medienberufe\/wp-json\/wp\/v2\/users\/1"}],"replies":[{"embeddable":true,"href":"https:\/\/bsmedien.musin.de\/medienberufe\/wp-json\/wp\/v2\/comments?post=857"}],"version-history":[{"count":20,"href":"https:\/\/bsmedien.musin.de\/medienberufe\/wp-json\/wp\/v2\/pages\/857\/revisions"}],"predecessor-version":[{"id":3342,"href":"https:\/\/bsmedien.musin.de\/medienberufe\/wp-json\/wp\/v2\/pages\/857\/revisions\/3342"}],"up":[{"embeddable":true,"href":"https:\/\/bsmedien.musin.de\/medienberufe\/wp-json\/wp\/v2\/pages\/131"}],"wp:attachment":[{"href":"https:\/\/bsmedien.musin.de\/medienberufe\/wp-json\/wp\/v2\/media?parent=857"}],"curies":[{"name":"wp","href":"https:\/\/api.w.org\/{rel}","templated":true}]}}