{"id":80,"date":"2019-10-04T13:30:21","date_gmt":"2019-10-04T11:30:21","guid":{"rendered":"https:\/\/bsmedien.musin.de\/medienberufe\/?page_id=80"},"modified":"2025-09-17T17:18:44","modified_gmt":"2025-09-17T15:18:44","slug":"international","status":"publish","type":"page","link":"https:\/\/bsmedien.musin.de\/medienberufe\/international\/","title":{"rendered":"International"},"content":{"rendered":"<p>[et_pb_section fb_built=&#8220;1&#8243; _builder_version=&#8220;4.16&#8243; custom_padding=&#8220;1px||||false|false&#8220; global_colors_info=&#8220;{}&#8220;][et_pb_row _builder_version=&#8220;4.16&#8243; global_colors_info=&#8220;{}&#8220;][et_pb_column type=&#8220;4_4&#8243; _builder_version=&#8220;4.16&#8243; global_colors_info=&#8220;{}&#8220;][et_pb_text _builder_version=&#8220;4.27.4&#8243; custom_padding=&#8220;||2px|||&#8220; global_colors_info=&#8220;{}&#8220;]<\/p>\n<h2><img loading=\"lazy\" decoding=\"async\" src=\"https:\/\/bsmedien.musin.de\/medienberufe\/wp-content\/uploads\/2023\/05\/Erasmus-Logo.gif\" alt=\"\" class=\"wp-image-2925 alignnone size-full\" width=\"240\" height=\"76\" title=\"\"><\/h2>\n<h2><strong><\/strong><\/h2>\n<h3><span style=\"color: #00427c;\"><strong>En<\/strong><strong>riching lives, opening minds!<\/strong><\/span><\/h3>\n<p>&nbsp;<\/p>\n<p>&nbsp;<\/p>\n<h2>Internationale Aktivit\u00e4ten<\/h2>\n<p>&nbsp;<\/p>\n<p>Interkulturelle Kompetenz ist eine unerl\u00e4ssliche Schl\u00fcsselqualifikation zur Sicherung der Wettbewerbsf\u00e4higkeit auf dem europ\u00e4ischen und globalen Arbeitsmarkt.<\/p>\n<p>Um diesem Bildungsanspruch gerecht zu werden, hat unsere Schule 2023 im ERASMUS+ Programm der Europ\u00e4ischen Union eine Akkreditierung im Bereich berufliche Aus- und Weiterbildung erlangt.<\/p>\n<p>So k\u00f6nnen wir unseren Auszubildenden anbieten, w\u00e4hrend oder im Anschluss an ihre Ausbildung ein Auslandspraktikum zu absolvieren. Ein Auslandsaufenthalt w\u00e4hrend der Berufsausbildung ist nicht nur karrieref\u00f6rdernd, sondern auch pers\u00f6nlich bereichernd.<\/p>\n<p>Ein Auslandsaufenthalt\u2026<\/p>\n<ul>\n<li>verbessert die Fremdsprachenkenntnisse,<\/li>\n<li>gibt Einblicke in den internationalen Arbeitsmarkt,<\/li>\n<li>st\u00e4rkt die pers\u00f6nliche und berufliche Entwicklung,<\/li>\n<li>erweitert das (berufliche) Netzwerk,<\/li>\n<li>erh\u00f6ht das Selbstbewusstsein,<\/li>\n<li>f\u00f6rdert Verst\u00e4ndnis f\u00fcr geopolitische Zusammenh\u00e4nge,<\/li>\n<li>f\u00f6rdert Toleranz und Weltoffenheit aller Beteiligten und ist somit auch ein wichtige Form der Friedensarbeit.<\/li>\n<\/ul>\n<p><strong>Angebote:<\/strong><\/p>\n<ul>\n<li><a href=\"https:\/\/bsmedien.musin.de\/medienberufe\/?page_id=2951&amp;preview=true\"><strong>Auslandspraktikum w\u00e4hrend und nach der Ausbildung im europ\u00e4ischen Ausland<\/strong><\/a><\/li>\n<li><a href=\"https:\/\/bsmedien.musin.de\/medienberufe\/international\/auslandspraktikum-waehrend-und-nach-der-ausbildung-im-europaeischen-ausland-als-fami\/\"><strong>Auslandspraktikum w\u00e4hrend und nach der Ausbildung im europ\u00e4ischen Ausland als FaMI<\/strong><\/a><\/li>\n<li><a href=\"https:\/\/bsmedien.musin.de\/medienberufe\/international\/kaufmann_kauffrau_international\/\"><strong>Zusatzqualifikation \u201eKaufmann\/Kauffrau International (AHK)&#8220;<\/strong><\/a><\/li>\n<li><strong><a href=\"https:\/\/bsmedien.musin.de\/medienberufe\/international\/auslandspraktikum_usa_canada\/\">Auslandspraktikum w\u00e4hrend und nach der Ausbildung in den USA und Canada<\/a><br \/><\/strong><strong><\/strong><\/li>\n<li><strong><\/strong><a href=\"https:\/\/bsmedien.musin.de\/medienberufe\/international\/auslandspraktikum-nach-der-ausbildung-in-den-usa-und-canada\/\"><strong>Auslandspraktikum nach der Ausbildung in den USA<br \/><\/strong><\/a>\u00a0<\/li>\n<\/ul>\n<p><strong>Das ERASMUS+ Team<\/strong><\/p>\n<p><strong><br \/><\/strong>Rebecca Metz (FAMIs)\u00a0\u00a0\u00a0\u00a0\u00a0\u00a0\u00a0\u00a0\u00a0\u00a0\u00a0\u00a0\u00a0\u00a0\u00a0\u00a0\u00a0\u00a0\u00a0\u00a0\u00a0\u00a0\u00a0\u00a0\u00a0\u00a0\u00a0\u00a0\u00a0\u00a0\u00a0\u00a0\u00a0\u00a0\u00a0\u00a0\u00a0\u00a0\u00a0\u00a0\u00a0\u00a0\u00a0 \u00a0 \u00a0 \u00a0 \u00a0 \u00a0 \u00a0 \u00a0 \u00a0 \u00a0 \u00a0 \u00a0 \u00a0 Iris Weigl (Leitung)<strong><br \/><\/strong>Raum: 5.1.16 in der Riesstra\u00dfe 40\u00a0\u00a0\u00a0\u00a0\u00a0\u00a0\u00a0\u00a0\u00a0\u00a0\u00a0\u00a0\u00a0\u00a0\u00a0\u00a0\u00a0\u00a0\u00a0\u00a0 \u00a0 \u00a0 \u00a0 \u00a0 \u00a0 \u00a0 \u00a0 \u00a0 \u00a0 \u00a0 \u00a0 \u00a0 \u00a0 Raum: 3.2.11 in Riesstra\u00dfe 25<br \/><a href=\"mailto:rebecca.metz@bsmedien.muenchen.musin.de\" target=\"_blank\" rel=\"noopener\">rebecca.metz@bsmedien.muenchen.musin.de\u00a0\u00a0 <\/a>\u00a0\u00a0\u00a0\u00a0\u00a0\u00a0\u00a0\u00a0\u00a0\u00a0\u00a0\u00a0\u00a0\u00a0\u00a0\u00a0\u00a0\u00a0\u00a0\u00a0<a href=\"mailto:iris.weigl@bsmedien.muenchen.musin.de\" target=\"_blank\" rel=\"noopener\"> iris.weigl@bsmedien.muenchen.musin.de<\/a><\/p>\n<p>Romano Fischer<br \/>Raum 4.1.07 in der Riesstra\u00dfe 25<br \/><a href=\"mailto:romano.fischer@bsmedien.muenchen.musin.de\">romano.fischer@bsmedien.muenchen.musin.de<\/a><\/p>\n<p>&nbsp;<\/p>\n<p>&nbsp;<\/p>\n<p>&nbsp;<\/p>\n<p>&nbsp;<\/p>\n<p>[\/et_pb_text][\/et_pb_column][\/et_pb_row][et_pb_row _builder_version=&#8220;4.16&#8243; global_colors_info=&#8220;{}&#8220;][et_pb_column type=&#8220;4_4&#8243; _builder_version=&#8220;4.16&#8243; global_colors_info=&#8220;{}&#8220;][et_pb_text _builder_version=&#8220;4.16&#8243; min_height=&#8220;144px&#8220; global_colors_info=&#8220;{}&#8220;]<\/p>\n<p>&nbsp;<\/p>\n<p>&nbsp;<\/p>\n<p>[\/et_pb_text][\/et_pb_column][\/et_pb_row][et_pb_row column_structure=&#8220;1_2,1_2&#8243; _builder_version=&#8220;4.18.0&#8243; custom_padding=&#8220;5px||||false|false&#8220; global_colors_info=&#8220;{}&#8220;][et_pb_column type=&#8220;1_2&#8243; _builder_version=&#8220;4.16&#8243; global_colors_info=&#8220;{}&#8220;][et_pb_image _builder_version=&#8220;4.18.0&#8243; global_colors_info=&#8220;{}&#8220;][\/et_pb_image][et_pb_text _builder_version=&#8220;4.18.0&#8243; global_colors_info=&#8220;{}&#8220;][\/et_pb_text][\/et_pb_column][et_pb_column type=&#8220;1_2&#8243; _builder_version=&#8220;4.18.0&#8243; _module_preset=&#8220;default&#8220; global_colors_info=&#8220;{}&#8220;][\/et_pb_column][\/et_pb_row][et_pb_row _builder_version=&#8220;4.16&#8243; global_colors_info=&#8220;{}&#8220;][et_pb_column type=&#8220;4_4&#8243; _builder_version=&#8220;4.16&#8243; global_colors_info=&#8220;{}&#8220;][et_pb_text _builder_version=&#8220;4.16&#8243; global_colors_info=&#8220;{}&#8220;][\/et_pb_text][\/et_pb_column][\/et_pb_row][\/et_pb_section]<\/p>\n","protected":false},"excerpt":{"rendered":"<p>Enriching lives, opening minds! &nbsp; &nbsp; Internationale Aktivit\u00e4ten &nbsp; Interkulturelle Kompetenz ist eine unerl\u00e4ssliche Schl\u00fcsselqualifikation zur Sicherung der Wettbewerbsf\u00e4higkeit auf dem europ\u00e4ischen und globalen Arbeitsmarkt. Um diesem Bildungsanspruch gerecht zu werden, hat unsere Schule 2023 im ERASMUS+ Programm der Europ\u00e4ischen Union eine Akkreditierung im Bereich berufliche Aus- und Weiterbildung erlangt. So k\u00f6nnen wir unseren Auszubildenden [&hellip;]<\/p>\n","protected":false},"author":1,"featured_media":0,"parent":0,"menu_order":0,"comment_status":"closed","ping_status":"closed","template":"","meta":{"_et_pb_use_builder":"on","_et_pb_old_content":"","_et_gb_content_width":"","footnotes":""},"class_list":["post-80","page","type-page","status-publish","hentry"],"_links":{"self":[{"href":"https:\/\/bsmedien.musin.de\/medienberufe\/wp-json\/wp\/v2\/pages\/80","targetHints":{"allow":["GET"]}}],"collection":[{"href":"https:\/\/bsmedien.musin.de\/medienberufe\/wp-json\/wp\/v2\/pages"}],"about":[{"href":"https:\/\/bsmedien.musin.de\/medienberufe\/wp-json\/wp\/v2\/types\/page"}],"author":[{"embeddable":true,"href":"https:\/\/bsmedien.musin.de\/medienberufe\/wp-json\/wp\/v2\/users\/1"}],"replies":[{"embeddable":true,"href":"https:\/\/bsmedien.musin.de\/medienberufe\/wp-json\/wp\/v2\/comments?post=80"}],"version-history":[{"count":28,"href":"https:\/\/bsmedien.musin.de\/medienberufe\/wp-json\/wp\/v2\/pages\/80\/revisions"}],"predecessor-version":[{"id":3361,"href":"https:\/\/bsmedien.musin.de\/medienberufe\/wp-json\/wp\/v2\/pages\/80\/revisions\/3361"}],"wp:attachment":[{"href":"https:\/\/bsmedien.musin.de\/medienberufe\/wp-json\/wp\/v2\/media?parent=80"}],"curies":[{"name":"wp","href":"https:\/\/api.w.org\/{rel}","templated":true}]}}