{"id":69,"date":"2019-10-04T13:16:26","date_gmt":"2019-10-04T11:16:26","guid":{"rendered":"https:\/\/bsmedien.musin.de\/medienberufe\/?page_id=69"},"modified":"2025-04-16T11:37:36","modified_gmt":"2025-04-16T09:37:36","slug":"datenschutzerklaerung-2","status":"publish","type":"page","link":"https:\/\/bsmedien.musin.de\/medienberufe\/datenschutzerklaerung-2\/","title":{"rendered":"Datenschutzerkl\u00e4rung"},"content":{"rendered":"<p>[et_pb_section fb_built=&#8220;1&#8243; _builder_version=&#8220;4.16&#8243; custom_padding=&#8220;35px||||false|false&#8220; global_colors_info=&#8220;{}&#8220;][et_pb_row _builder_version=&#8220;4.16&#8243; custom_margin=&#8220;0px||0px||false|false&#8220; custom_padding=&#8220;0px|||24px|false|false&#8220; global_colors_info=&#8220;{}&#8220;][et_pb_column type=&#8220;4_4&#8243; _builder_version=&#8220;4.16&#8243; global_colors_info=&#8220;{}&#8220;][et_pb_text _builder_version=&#8220;4.27.4&#8243; global_colors_info=&#8220;{}&#8220;]<\/p>\n<p>&nbsp;<\/p>\n<h2><\/h2>\n<h2>Datenschutzerkl\u00e4rung<\/h2>\n<p><strong>Datenschutzhinweise<\/strong><\/p>\n<p><strong>A) Allgemeine Informationen<\/strong><\/p>\n<p><strong>Name und Kontaktdaten des Verantwortlichen<\/strong><br \/>St\u00e4dtische Berufsschule f\u00fcr Medienberufe<br \/>Riesstra\u00dfe 40<br \/>80992 M\u00fcnchen<br \/>Telefon: 089\/233-85500<br \/>Telefax: 089\/233-85501<br \/>E-Mail: <a href=\"mailto:bsmedien.sekretariat@muenchen.de\">bsmedien.sekretariat@muenchen.de<\/a><\/p>\n<p><strong>Kontaktdaten des\/der Datenschutzbeauftragten<\/strong><br \/>Landeshauptstadt M\u00fcnchen<\/p>\n<p>Landeshauptstadt M\u00fcnchen<br \/>gemeinsame Datenschutzbeauftragte f\u00fcr die St\u00e4dtischen Schulen<br \/>Bayerstr. 28<br \/>80335 M\u00fcnchen<\/p>\n<p>E-Mail: datenschutz.rbs.schulen@muenchen.de<\/p>\n<p><strong>Zwecke und Rechtsgrundlagen f\u00fcr die Verarbeitung Ihrer Daten<\/strong><br \/>Wir verarbeiten personenbezogene Daten zur Erf\u00fcllung des Bildungs- und Erziehungsauftrags, den das Bayerische Gesetz \u00fcber das Erziehungs- und Unterrichtswesen (BayEUG) den Schulen zuweist.<\/p>\n<p>Die Rechtsgrundlage f\u00fcr die Verarbeitung Ihrer Daten ergibt sich, soweit im Folgenden nichts anderes angegeben ist, aus Art. 85 des Bayerischen Erziehungs- und Unterrichtsgesetzes (BayEUG) in Verbindung mit Art. 6 Abs. 1 UAbs. 1 Buchstabe e der Datenschutzgrundverordnung (DSGVO).<br \/>Demnach ist es uns erlaubt, die zur Erf\u00fcllung der schulischen Aufgaben erforderlichen Daten zu verarbeiten.<\/p>\n<p>F\u00fcr die Online-Terminvereinbarung nutzen wir das WordPress-Plugin Simply Schedule Appointments. Die durch die Verwendung von Simply Schedule Appointments eingegebenen, gesammelten und gespeicherten Daten wandern nicht auf die Server von Simply Schedule Appointments. Alle eingegebenen, gesammelten und gespeicherten Daten liegen in unserer eigenen WordPress Datenbank. Diese Daten geben wir nicht weiter. Die Verarbeitung der in das Kontakt\u00adformular eingegebenen Daten erfolgt\u00a0 ausschlie\u00dflich auf Grundlage Ihrer Einwilligung gem\u00e4\u00df Art. 6 Abs. 1 a) DSGVO.<\/p>\n<p>Empf\u00e4nger von personenbezogenen Daten<br \/>Der technische Betrieb unserer Datenverarbeitungssysteme erfolgt grunds\u00e4tzlich durch LHM Services GmbH in unserem Auftrag.<br \/>F\u00fcr einzelne Verfahren setzen wir weitere Auftragsverarbeiter ein.<br \/>Auf Anforderung werden Ihre Daten an die zust\u00e4ndigen Aufsichts- und Rechnungspr\u00fcfungsbeh\u00f6rden zur Wahrnehmung der jeweiligen Kontrollrechte \u00fcbermittelt.<\/p>\n<p><strong>Dauer der Speicherung der personenbezogenen Daten<\/strong><br \/>Ihre Daten werden nur so lange gespeichert, wie dies unter Beachtung gesetzlicher Aufbewahrungsfristen zur Aufgabenerf\u00fcllung erforderlich ist.<\/p>\n<p><strong>Ihre Rechte<\/strong><br \/>Als Betroffener einer Datenverarbeitung haben Sie die folgenden Rechte:<br \/>&#8211; Sie haben das Recht auf Auskunft \u00fcber die zu Ihrer Person gespeicherten Daten (Art. 15 DSGVO).<br \/>&#8211; Sollten unrichtige personenbezogene Daten verarbeitet werden, steht Ihnen ein Recht auf Berichtigung zu (Art. 16 DSGVO).<br \/>&#8211; Liegen die gesetzlichen Voraussetzungen vor, so k\u00f6nnen Sie die L\u00f6schung oder Einschr\u00e4nkung der Verarbeitung verlangen (Art. 17 und 18 DSGVO).<br \/>&#8211; Wenn Sie in die Datenverarbeitung eingewilligt haben oder ein Vertrag zur Datenverarbeitung besteht und die Datenverarbeitung mithilfe automatisierter Verfahren durchgef\u00fchrt wird, steht Ihnen gegebenenfalls ein Recht auf Daten\u00fcbertragbarkeit zu (Art. 20 DSGVO).<br \/>&#8211; Falls Sie in die Verarbeitung eingewilligt haben und die Verarbeitung auf dieser Einwilligung beruht, k\u00f6nnen Sie die Einwilligung jederzeit f\u00fcr die Zukunft widerrufen. Die Rechtm\u00e4\u00dfigkeit der aufgrund der Einwilligung bis zum Widerruf erfolgten Datenverarbeitung wird durch diesen nicht ber\u00fchrt.<br \/>Sie haben das Recht, aus Gr\u00fcnden, die sich aus Ihrer besonderen Situation ergeben, jederzeit gegen die Verarbeitung Ihrer Daten Widerspruch einzulegen, wenn die Verarbeitung auf Grundlage des Art. 6 Abs. 1 UAbs. 1 Buchst. e DSGVO erfolgt (Art. 21 Abs. 1 Satz 1 DSGVO).<\/p>\n<p><strong>Beschwerderecht bei der Aufsichtsbeh\u00f6rde<\/strong><br \/>Unabh\u00e4ngig davon besteht ein Beschwerderecht beim Bayerischen Landesbeauftragten f\u00fcr den Datenschutz, den Sie unter folgenden Kontaktdaten erreichen:<br \/>Postanschrift: Postfach 22 12 19, 80502 M\u00fcnchen<br \/>Adresse: Wagm\u00fcllerstra\u00dfe 18, 80538 M\u00fcnchen<br \/>Telefon: 089 212672-0<br \/>Telefax: 089 212672-50<br \/>E-Mail: poststelle@datenschutz-bayern.de<br \/>Internet: <a href=\"https:\/\/www.datenschutz-bayern.de\/\" target=\"_blank\" rel=\"noopener\">https:\/\/www.datenschutz-bayern.de\/<\/a><\/p>\n<p><strong>Weitere Informationen<\/strong><br \/>F\u00fcr n\u00e4here Informationen zur Verarbeitung Ihrer Daten und zu Ihren Rechten k\u00f6nnen Sie uns unter den oben (zu Beginn von A) genannten Kontaktdaten erreichen.<\/p>\n<p>&nbsp;<\/p>\n<p><strong>B) Informationen zum Internetauftritt<\/strong><\/p>\n<p>Hinweis: Die folgenden Ausf\u00fchrungen sind an die \u00f6rtlichen Gegebenheiten anzupassen. N\u00e4here Ausk\u00fcnfte kann die Schule ggf. vom Auftragsverarbeiter (Internethoster der Schule) erhalten.<\/p>\n<p><strong>Technische Umsetzung<\/strong><br \/>Unser Webserver wird durch LHM Services GmbH, Emmy-Noether-Stra\u00dfe 2, 80992 M\u00fcnchen betrieben. Die von Ihnen im Rahmen des Besuchs unseres Webauftritts \u00fcbermittelten personenbezogenen Daten werden daher durch diesen Auftragsverarbeiter in unserem Auftrag verarbeitet.<\/p>\n<p><strong>Protokollierung<\/strong><br \/>Wenn Sie diese oder andere Internetseiten aufrufen, \u00fcbermitteln Sie \u00fcber Ihren Internetbrowser Daten an unseren Webserver. Die folgenden Daten werden w\u00e4hrend einer laufenden Verbindung zur Kommunikation zwischen Ihrem Internetbrowser und unserem Webserver aufgezeichnet:<br \/>&#8211; Datum und Uhrzeit der Anforderung<br \/>&#8211; Name der angeforderten Datei<br \/>&#8211; Seite, von der aus die Datei angefordert wurde<br \/>&#8211; Zugriffsstatus (Datei \u00fcbertragen, Datei nicht gefunden, etc.)<br \/>&#8211; verwendete Internetbrowser und verwendetes Betriebssystem<br \/>&#8211; vollst\u00e4ndige IP-Adresse des anfordernden Rechners<br \/>&#8211; \u00fcbertragene Datenmenge.<br \/>Aus Gr\u00fcnden der technischen Sicherheit, insbesondere zur Abwehr von Angriffsversuchen auf unseren Webserver, werden diese Daten von uns gespeichert. Nach sp\u00e4testens sieben Tagen werden die Daten automatisiert \u00fcberschrieben und damit gel\u00f6scht.<\/p>\n<p><strong>Aktive Komponenten<\/strong><br \/>Wir verwenden keine aktiven Komponenten wie Javascript, Java-Applets oder Active-X-Controls.<\/p>\n<p><strong>Cookies<\/strong><br \/>Beim Zugriff auf dieses Internetangebot werden von uns Cookies (kleine Dateien) auf Ihrem Ger\u00e4t gespeichert, die f\u00fcr die Dauer Ihres Besuches auf der Internetseite g\u00fcltig sind (\u201esession-cookies\u201c). Wir verwenden diese ausschlie\u00dflich w\u00e4hrend Ihres Besuchs unserer Internetseite. Die meisten Browser sind so eingestellt, dass sie die Verwendung von Cookies akzeptieren, diese Funktion kann aber durch die Einstellung des Internetbrowsers von Ihnen f\u00fcr die laufende Sitzung oder dauerhaft abgeschaltet werden. Nach Ende Ihres Besuches wird Ihr Browser diese Cookies automatisch l\u00f6schen.<\/p>\n<p><strong>Auswertung des Nutzungsverhaltens (Webtracking-Systeme; Reichweitenmessung)<\/strong><br \/>Wir f\u00fchren eine Reichweitenmessung nur anhand statistischer Daten (also ohne Nutzung personenbezogener Daten) durch.<\/p>\n<p>&nbsp;<\/p>\n<p><strong>C) Informationen zur Bayern Cloud Schule (ByCS)<\/strong><\/p>\n<p>Hier k\u00f6nnen Sie sich im Detail informieren:<\/p>\n<p><a href=\"https:\/\/www.bycs.de\/datenschutzerklaerung\/index.html\" target=\"_blank\" rel=\"noopener\">Datenschutzerkl\u00e4rung der ByCS allgemein\u00a0 <\/a><\/p>\n<p><a href=\"https:\/\/www.bycs.de\/uebersicht-und-funktionen\/cloudspeicher\/datenschutzerklaerung\/index.html\" target=\"_blank\" rel=\"noopener\">Datenschutzerkl\u00e4rung Drive und Office<\/a><\/p>\n<p><a href=\"https:\/\/www.bycs.de\/uebersicht-und-funktionen\/messenger\/datenschutzerklaerung\/index.html\" target=\"_blank\" rel=\"noopener\">Datenschutzerkl\u00e4rung Messenger<\/a><\/p>\n<p><a href=\"https:\/\/www.bycs.de\/hilfe-und-tutorials\/videokonferenzsystem\/faq-zu-videokonferenz\/index.html\" target=\"_blank\" rel=\"noopener\">Datenschutzinformationen zu ViKo<\/a><\/p>\n<p>[\/et_pb_text][\/et_pb_column][\/et_pb_row][\/et_pb_section]<\/p>\n","protected":false},"excerpt":{"rendered":"<p>&nbsp; Datenschutzerkl\u00e4rung Datenschutzhinweise A) Allgemeine Informationen Name und Kontaktdaten des VerantwortlichenSt\u00e4dtische Berufsschule f\u00fcr MedienberufeRiesstra\u00dfe 4080992 M\u00fcnchenTelefon: 089\/233-85500Telefax: 089\/233-85501E-Mail: bsmedien.sekretariat@muenchen.de Kontaktdaten des\/der DatenschutzbeauftragtenLandeshauptstadt M\u00fcnchen Landeshauptstadt M\u00fcnchengemeinsame Datenschutzbeauftragte f\u00fcr die St\u00e4dtischen SchulenBayerstr. 2880335 M\u00fcnchen E-Mail: datenschutz.rbs.schulen@muenchen.de Zwecke und Rechtsgrundlagen f\u00fcr die Verarbeitung Ihrer DatenWir verarbeiten personenbezogene Daten zur Erf\u00fcllung des Bildungs- und Erziehungsauftrags, den das Bayerische Gesetz [&hellip;]<\/p>\n","protected":false},"author":1,"featured_media":0,"parent":0,"menu_order":0,"comment_status":"closed","ping_status":"closed","template":"","meta":{"_et_pb_use_builder":"on","_et_pb_old_content":"","_et_gb_content_width":"","footnotes":""},"class_list":["post-69","page","type-page","status-publish","hentry"],"_links":{"self":[{"href":"https:\/\/bsmedien.musin.de\/medienberufe\/wp-json\/wp\/v2\/pages\/69","targetHints":{"allow":["GET"]}}],"collection":[{"href":"https:\/\/bsmedien.musin.de\/medienberufe\/wp-json\/wp\/v2\/pages"}],"about":[{"href":"https:\/\/bsmedien.musin.de\/medienberufe\/wp-json\/wp\/v2\/types\/page"}],"author":[{"embeddable":true,"href":"https:\/\/bsmedien.musin.de\/medienberufe\/wp-json\/wp\/v2\/users\/1"}],"replies":[{"embeddable":true,"href":"https:\/\/bsmedien.musin.de\/medienberufe\/wp-json\/wp\/v2\/comments?post=69"}],"version-history":[{"count":13,"href":"https:\/\/bsmedien.musin.de\/medienberufe\/wp-json\/wp\/v2\/pages\/69\/revisions"}],"predecessor-version":[{"id":3261,"href":"https:\/\/bsmedien.musin.de\/medienberufe\/wp-json\/wp\/v2\/pages\/69\/revisions\/3261"}],"wp:attachment":[{"href":"https:\/\/bsmedien.musin.de\/medienberufe\/wp-json\/wp\/v2\/media?parent=69"}],"curies":[{"name":"wp","href":"https:\/\/api.w.org\/{rel}","templated":true}]}}