{"id":533,"date":"2019-10-27T19:00:35","date_gmt":"2019-10-27T18:00:35","guid":{"rendered":"https:\/\/bsmedien.musin.de\/medienberufe\/?page_id=533"},"modified":"2025-09-17T16:38:53","modified_gmt":"2025-09-17T14:38:53","slug":"medienkaufmann-frau-digital-und-print","status":"publish","type":"page","link":"https:\/\/bsmedien.musin.de\/medienberufe\/berufe\/medienkaufmann-frau-digital-und-print\/","title":{"rendered":"Medienkaufmann\/-frau Digital und Print"},"content":{"rendered":"<p>[et_pb_section fb_built=&#8220;1&#8243; fullwidth=&#8220;on&#8220; _builder_version=&#8220;4.16&#8243; global_colors_info=&#8220;{}&#8220;][et_pb_fullwidth_image src=&#8220;https:\/\/bsmedien.musin.de\/medienberufe\/wp-content\/uploads\/2019\/10\/berufsschule-medienberufe-muenchen-14.jpg&#8220; _builder_version=&#8220;4.16&#8243; global_colors_info=&#8220;{}&#8220;][\/et_pb_fullwidth_image][\/et_pb_section][et_pb_section fb_built=&#8220;1&#8243; _builder_version=&#8220;4.16&#8243; custom_padding=&#8220;35px||||false|false&#8220; global_colors_info=&#8220;{}&#8220;][et_pb_row column_structure=&#8220;3_5,2_5&#8243; _builder_version=&#8220;4.16&#8243; global_colors_info=&#8220;{}&#8220;][et_pb_column type=&#8220;3_5&#8243; _builder_version=&#8220;4.16&#8243; global_colors_info=&#8220;{}&#8220;][et_pb_text _builder_version=&#8220;4.16&#8243; global_colors_info=&#8220;{}&#8220;]<\/p>\n<h2>Medienkaufmann\/-frau Digital und Print<\/h2>\n<p>Die Ausbildungsdauer betr\u00e4gt\u2028 gem\u00e4\u00df Ausbildungsordnung drei Jahre und kann durch entsprechende Vorbildung, Vorkenntnisse oder besondere Leistung um bis zu 18 Monate verk\u00fcrzt werden.<a href=\"https:\/https:\/\/www.ihk-muenchen.de\/de\/Aus-und-Weiterbildung\/Ausbildung\/Ausbildungsverh%C3%A4ltnis\/Verk%C3%BCrzung-Verl%C3%A4ngerung\/\"> Weitere Informationen erhalten Sie hier<\/a><strong><\/strong><\/p>\n<p><strong>Wir empfehlen, in Abh\u00e4ngigkeit vom Schulabschluss:<\/strong><\/p>\n<ul>\n<li>Hauptschule: 2 1\/2 oder 3 Jahre<\/li>\n<li>Mittlere Reife: 2 oder 2 1\/2 Jahre<\/li>\n<li>(Fach)Hochschulreife: 2 Jahre<\/li>\n<\/ul>\n<p>Die Ausbildung im dualen System erfolgt an unserer Berufsschule im Blockunterricht. Voraussetzung f\u00fcr den Besuch unserer Schule ist ein g\u00fcltiger Ausbildungsvertrag. Wir sind die zust\u00e4ndige Berufsschule f\u00fcr ganz S\u00fcdbayern. Die Unterrichtszeiten entnehmen Sie bitte der entsprechenden Serviceseite.<\/p>\n<p><strong>Unser Unterricht ist gepr\u00e4gt durch:<\/strong><\/p>\n<ul>\n<li>kleine Lehrerteams in den Klassen (2-3 LehrerInnen)<\/li>\n<li>selbstorganisiertes Lernen seitens der Auszubildenden<\/li>\n<li>Praxisbezug und zahlreiche Praxisbeispiele<\/li>\n<li>Teamarbeit und gegenseitigem Respekt<\/li>\n<li>Methodenvielfalt durch Einsatz aller zur Verf\u00fcgung stehenden Medien<\/li>\n<\/ul>\n<p>Unser Lehrplan ist in insgesamt 12 Lernfelder aufgeteilt. Der inhaltliche Schwerpunkt liegt in den betriebswirtschaftlichen Prozessen eines Medienunternehmens sowie im Medienmanagment. Die verschiedenen Lernfelder werden den folgenden B\u00fcndelungsf\u00e4cher zugeordnet:<\/p>\n<ul>\n<li>Gesamtwirtschaftliche Prozesse<\/li>\n<li>Betriebswirtschaftliche Prozesse<\/li>\n<li>Medienmanagement<\/li>\n<li>Kaufm\u00e4nnische Steuerung, Budgetierung und Controlling<\/li>\n<\/ul>\n<p>Neben der Fachkunde gibt es die allgemeinbildenden F\u00e4cher Englisch, Sozialkunde und Sport. Eine Besonderheit innerhalb dieses Angebotes stellt unser Kursunterricht dar, der den Sch\u00fclerInnen eine Auswahl aus \u00fcber 30 Kursen bietet.<\/p>\n<p><strong>Highlights<br \/><\/strong>Neue Auszubildende begr\u00fc\u00dfen wir gemeinsam in einer auf sie zugeschnitten Einf\u00fchrungswoche. Das gegenseitige Kennenlernen und die Identifikation mit dem Beruf stehen dabei im Vordergrund.<\/p>\n<p>[\/et_pb_text][\/et_pb_column][et_pb_column type=&#8220;2_5&#8243; _builder_version=&#8220;4.16&#8243; global_colors_info=&#8220;{}&#8220;][et_pb_text _builder_version=&#8220;4.17.6&#8243; global_colors_info=&#8220;{}&#8220;]<\/p>\n<p><a href=\"https:\/\/bsmedien.musin.de\/medienberufe\/menschen\/markus-heinisch\/\"><\/a><strong><\/strong><\/p>\n<p><strong>Ansprechpartner<br \/><\/strong><br \/><a href=\"mailto:e.fechter@bsmedien.muenchen.musin.de\">Eva Fechter<\/a><br \/><a href=\"https:\/\/bsmedien.musin.de\/medienberufe\/menschen\/jochen-schmitt\/\"><\/a><\/p>\n<p>&nbsp;<\/p>\n<p><strong>Weiterf\u00fchrender Link<br \/><\/strong><a href=\"https:\/\/www.bibb.de\/de\/berufeinfo.php\/profile\/apprenticeship\/n2345645\" target=\"_blank\" rel=\"noopener\">Bundesinstitut f\u00fcr Berufsbildung<\/a><\/p>\n<p>&nbsp;<\/p>\n<p>[\/et_pb_text][\/et_pb_column][\/et_pb_row][\/et_pb_section]<\/p>\n","protected":false},"excerpt":{"rendered":"<p>Medienkaufmann\/-frau Digital und Print Die Ausbildungsdauer betr\u00e4gt\u2028 gem\u00e4\u00df Ausbildungsordnung drei Jahre und kann durch entsprechende Vorbildung, Vorkenntnisse oder besondere Leistung um bis zu 18 Monate verk\u00fcrzt werden. Weitere Informationen erhalten Sie hier Wir empfehlen, in Abh\u00e4ngigkeit vom Schulabschluss: Hauptschule: 2 1\/2 oder 3 Jahre Mittlere Reife: 2 oder 2 1\/2 Jahre (Fach)Hochschulreife: 2 Jahre Die [&hellip;]<\/p>\n","protected":false},"author":1,"featured_media":0,"parent":41,"menu_order":0,"comment_status":"closed","ping_status":"closed","template":"","meta":{"_et_pb_use_builder":"on","_et_pb_old_content":"","_et_gb_content_width":"","footnotes":""},"class_list":["post-533","page","type-page","status-publish","hentry"],"_links":{"self":[{"href":"https:\/\/bsmedien.musin.de\/medienberufe\/wp-json\/wp\/v2\/pages\/533","targetHints":{"allow":["GET"]}}],"collection":[{"href":"https:\/\/bsmedien.musin.de\/medienberufe\/wp-json\/wp\/v2\/pages"}],"about":[{"href":"https:\/\/bsmedien.musin.de\/medienberufe\/wp-json\/wp\/v2\/types\/page"}],"author":[{"embeddable":true,"href":"https:\/\/bsmedien.musin.de\/medienberufe\/wp-json\/wp\/v2\/users\/1"}],"replies":[{"embeddable":true,"href":"https:\/\/bsmedien.musin.de\/medienberufe\/wp-json\/wp\/v2\/comments?post=533"}],"version-history":[{"count":14,"href":"https:\/\/bsmedien.musin.de\/medienberufe\/wp-json\/wp\/v2\/pages\/533\/revisions"}],"predecessor-version":[{"id":3317,"href":"https:\/\/bsmedien.musin.de\/medienberufe\/wp-json\/wp\/v2\/pages\/533\/revisions\/3317"}],"up":[{"embeddable":true,"href":"https:\/\/bsmedien.musin.de\/medienberufe\/wp-json\/wp\/v2\/pages\/41"}],"wp:attachment":[{"href":"https:\/\/bsmedien.musin.de\/medienberufe\/wp-json\/wp\/v2\/media?parent=533"}],"curies":[{"name":"wp","href":"https:\/\/api.w.org\/{rel}","templated":true}]}}