{"id":380,"date":"2019-10-23T11:34:39","date_gmt":"2019-10-23T09:34:39","guid":{"rendered":"https:\/\/bsmedien.musin.de\/medienberufe\/?page_id=380"},"modified":"2025-09-17T16:53:09","modified_gmt":"2025-09-17T14:53:09","slug":"digitale-bildbearbeitung-fuer-anfaenger","status":"publish","type":"page","link":"https:\/\/bsmedien.musin.de\/medienberufe\/kurse\/digitale-bildbearbeitung-fuer-anfaenger\/","title":{"rendered":"Digitale Bildbearbeitung f\u00fcr Anf\u00e4nger"},"content":{"rendered":"<p>[et_pb_section fb_built=&#8220;1&#8243; _builder_version=&#8220;4.16&#8243; custom_padding=&#8220;35px||||false|false&#8220; global_colors_info=&#8220;{}&#8220;][et_pb_row column_structure=&#8220;1_2,1_2&#8243; use_custom_gutter=&#8220;on&#8220; gutter_width=&#8220;4&#8243; _builder_version=&#8220;4.16&#8243; custom_margin=&#8220;0px||||false|false&#8220; custom_padding=&#8220;0px||||false|false&#8220; global_colors_info=&#8220;{}&#8220;][et_pb_column type=&#8220;1_2&#8243; _builder_version=&#8220;4.16&#8243; global_colors_info=&#8220;{}&#8220;][et_pb_text _builder_version=&#8220;4.16&#8243; global_colors_info=&#8220;{}&#8220;]<\/p>\n<h2>Digitale Bildbearbeitung f\u00fcr Anf\u00e4nger<\/h2>\n<p><strong>Wie ich meinem Hund den Kopf meines Freundes aufsetze<\/strong><\/p>\n<p><strong>Voraussetzungen:<br \/><\/strong>keine<\/p>\n<p><strong>Lernzielkontrolle:<\/strong><br \/>1 Schulaufgabe (Praxisaufgabe am Rechner)<br \/>1 Extemporale (Theorie)<br \/>1 Freiarbeit (Projekt inEinzelarbeit)<\/p>\n<p><strong>Kurzbeschreibung:<\/strong><br \/>Wollten Sie schon immer mal Ihre Geburtstagseinladung mit einer Fotomontage aufpeppen, Ihre Urlaubsfotos nachbearbeiten oder ein Portr\u00e4tfoto versch\u00f6nern? Dann sind Sie hier richtig!<\/p>\n<p>In diesem Basiskurs f\u00fcr Anf\u00e4nger ohne Vorkenntnisse lernen Sie die Grundfunktionen einer Bildbearbeitungssoftware kennen. Wir arbeiten uns Schritt f\u00fcr Schritt in die wichtigsten Werkzeuge ein, erstellen einfache Collagen und lernen Retuschieren.<br \/>In einer Freiarbeit k\u00f6nnen Sie dann das Erlernte kreativ anwenden.<\/p>\n<p>Der Kurs verwendet Adobe Photoshop.<\/p>\n<p><strong>Lerninhalte:<\/strong><\/p>\n<p>Grundlagen:<\/p>\n<ul>\n<li>Grafikarten<\/li>\n<li>Aufl\u00f6sung<\/li>\n<li>Farbtiefe<\/li>\n<li>Bilddatenformate<\/li>\n<\/ul>\n<p>Auswahl:<\/p>\n<ul>\n<li>Bildausschnitt festlegen (Freistellen, Zuschneiden)<\/li>\n<li>Auswahlwerkzeuge (Auswahlrechteck, Lasso, Zauberstab)<\/li>\n<li>Maskierungsmodus<\/li>\n<\/ul>\n<p>Ebenen:<\/p>\n<ul>\n<li>Grundwissen zu Ebenen<\/li>\n<li>Schwebende Auswahl in Ebenen<\/li>\n<li>Auswahlbereich in anderes Bild einsetzen<\/li>\n<li>Auswahlbereiche in andere Auswahl einsetzen<\/li>\n<\/ul>\n<p>Text:<\/p>\n<ul>\n<li>Einf\u00fcgen von Text<\/li>\n<li>Texteffekte<\/li>\n<\/ul>\n<p>Retusche:<\/p>\n<ul>\n<li>Stempelwerkzeuge<\/li>\n<li>Ausbessern-Werkzeug<\/li>\n<li>Radiergummi<\/li>\n<\/ul>\n<p>Farbe:<\/p>\n<ul>\n<li>Farbpalette<\/li>\n<li>Pipette<\/li>\n<li>F\u00fcllwerkzeug<\/li>\n<\/ul>\n<p>&nbsp;<\/p>\n<p>[\/et_pb_text][\/et_pb_column][et_pb_column type=&#8220;1_2&#8243; _builder_version=&#8220;4.16&#8243; global_colors_info=&#8220;{}&#8220;][et_pb_text _builder_version=&#8220;4.18.0&#8243; width=&#8220;85.3%&#8220; global_colors_info=&#8220;{}&#8220;]<\/p>\n<p><strong>Kurs\u00fcbersicht<\/strong><a href=\"https:\/\/bsmedien.musin.de\/medienberufe\/kurse\/analyse-von-werbemitteln\/\"><\/a><\/p>\n<p>&nbsp;<\/p>\n<p><a href=\"https:\/\/bsmedien.musin.de\/medienberufe\/kurse\/analyse-von-werbemitteln\/\">Analyse von Werbemitteln *<\/a><br \/><a href=\"https:\/\/bsmedien.musin.de\/medienberufe\/kurse\/brandmanagement\">Brandmanagement *<\/a><br \/><a href=\"https:\/\/bsmedien.musin.de\/medienberufe\/kurse\/content-marketing\/\">Content Marketing *<\/a><br \/><a href=\"https:\/\/bsmedien.musin.de\/medienberufe\/kurse\/desktop-publishing-mit-indesign\/\">Desktop-Publishing mit InDesign<\/a><br \/><a href=\"https:\/\/bsmedien.musin.de\/medienberufe\/kurse\/digitale-bildbearbeitung-fuer-anfaenger\/\">Digitale Bildbearbeitung f\u00fcr Anf\u00e4nger<\/a><br \/><a href=\"https:\/\/bsmedien.musin.de\/medienberufe\/kurse\/digitale-fotografie\/\">Digitale Fotografie<\/a><br \/><a href=\"https:\/\/bsmedien.musin.de\/medienberufe\/kurse\/english-skills-practice\/\">English Skills Practice<\/a><br \/><a href=\"https:\/\/bsmedien.musin.de\/medienberufe\/kurse\/entspannungstechniken\/\">Entspannungstechniken<\/a><br \/><a href=\"https:\/\/bsmedien.musin.de\/medienberufe\/kurse\/existenzgruendung-business-plan\/\">Existenzgr\u00fcndung \/ Businessplan<\/a><br \/><a href=\"https:\/\/bsmedien.musin.de\/medienberufe\/kurse\/eventmanagement\/\">Eventmanagement<\/a><br \/><a href=\"https:\/\/bsmedien.musin.de\/medienberufe\/kurse\/influencermarketing\/\">Influencermarketing<\/a><br \/><a href=\"https:\/\/bsmedien.musin.de\/medienberufe\/?page_id=2711&amp;preview=true\">Interkulturelle Kommunikation*<\/a><br \/><a href=\"https:\/\/bsmedien.musin.de\/medienberufe\/kurse\/internationale-literatur-1\/\">Internationale Literatur 1 *<\/a><br \/><a href=\"https:\/\/bsmedien.musin.de\/medienberufe\/kurse\/internationale-literatur-2\/\">Internationale Literatur 2 *<\/a><br \/><a href=\"https:\/\/bsmedien.musin.de\/medienberufe\/kurse\/klima-management-communication\/\">Klima: Management &amp; Communication*<\/a><br \/><a href=\"https:\/\/bsmedien.musin.de\/medienberufe\/kurse\/kommunikationskompetenz\/\"><\/a><a href=\"https:\/\/bsmedien.musin.de\/medienberufe\/kurse\/kommunikationskompetenz\/\">Kommunikationskompetenz *<\/a><br \/><a href=\"https:\/\/bsmedien.musin.de\/medienberufe\/kurse\/kreativitaetstechniken\/\">Kreativit\u00e4tstechniken *<\/a><br \/><a href=\"https:\/\/bsmedien.musin.de\/medienberufe\/kurse\/literatur-1\/\">Literatur 1 *<\/a><br \/><a href=\"https:\/\/bsmedien.musin.de\/medienberufe\/kurse\/literatur-fuer-bibliothekare-2\/\">Literatur 2 *<\/a><br \/><a href=\"https:\/\/bsmedien.musin.de\/medienberufe\/kurse\/literatur-fuer-bibliothekare-3\/\">Literatur 3 *<\/a><br \/><a href=\"https:\/\/bsmedien.musin.de\/medienberufe\/kurse\/medienethik\/\">Medienethik<\/a><br \/><a href=\"https:\/\/bsmedien.musin.de\/medienberufe\/kurse\/projekt-promis-glauben\/\">Projektmanagement &#8211; Projekt PromisGlauben<\/a><br \/><a href=\"https:\/\/bsmedien.musin.de\/medienberufe\/kurse\/musikgeschichte\/\">Musikgeschichte *<\/a><br \/><a href=\"https:\/\/bsmedien.musin.de\/medienberufe\/kurse\/religion\/\">Religion<\/a><br \/><a href=\"https:\/\/bsmedien.musin.de\/medienberufe\/kurse\/rhetoriktraining\/\">Rhetoriktraining *<\/a><br \/><a href=\"https:\/\/bsmedien.musin.de\/medienberufe\/kurse\/social-media-marketing\/\">Social Media Marketing<\/a><br \/><a href=\"https:\/\/bsmedien.musin.de\/medienberufe\/kurse\/spanisch\/\">Spanisch<\/a><br \/><a href=\"https:\/\/bsmedien.musin.de\/medienberufe\/kurse\/stressmanagement\/\">Stressmanagement *<\/a><br \/><a href=\"https:\/\/bsmedien.musin.de\/medienberufe\/kurse\/art-of-museum\/\">The Art of Museum<\/a><br \/><a href=\"https:\/\/bsmedien.musin.de\/medienberufe\/kurse\/werbepsychologie\/\">Werbepsychologie<\/a><\/p>\n<p><a href=\"https:\/\/bsmedien.musin.de\/medienberufe\/kurse\/werbepsychologie\/\"><\/a><o:p><\/o:p><\/p>\n<p><a href=\"https:\/\/bsmedien.musin.de\/medienberufe\/kurse\/werbepsychologie\/\"><\/a><\/p>\n<p>*deutschrelevant<\/p>\n<p>[\/et_pb_text][\/et_pb_column][\/et_pb_row][\/et_pb_section]<\/p>\n","protected":false},"excerpt":{"rendered":"<p>Digitale Bildbearbeitung f\u00fcr Anf\u00e4nger Wie ich meinem Hund den Kopf meines Freundes aufsetze Voraussetzungen:keine Lernzielkontrolle:1 Schulaufgabe (Praxisaufgabe am Rechner)1 Extemporale (Theorie)1 Freiarbeit (Projekt inEinzelarbeit) Kurzbeschreibung:Wollten Sie schon immer mal Ihre Geburtstagseinladung mit einer Fotomontage aufpeppen, Ihre Urlaubsfotos nachbearbeiten oder ein Portr\u00e4tfoto versch\u00f6nern? Dann sind Sie hier richtig! In diesem Basiskurs f\u00fcr Anf\u00e4nger ohne Vorkenntnisse lernen [&hellip;]<\/p>\n","protected":false},"author":1,"featured_media":0,"parent":131,"menu_order":0,"comment_status":"closed","ping_status":"closed","template":"","meta":{"_et_pb_use_builder":"on","_et_pb_old_content":"","_et_gb_content_width":"","footnotes":""},"class_list":["post-380","page","type-page","status-publish","hentry"],"_links":{"self":[{"href":"https:\/\/bsmedien.musin.de\/medienberufe\/wp-json\/wp\/v2\/pages\/380","targetHints":{"allow":["GET"]}}],"collection":[{"href":"https:\/\/bsmedien.musin.de\/medienberufe\/wp-json\/wp\/v2\/pages"}],"about":[{"href":"https:\/\/bsmedien.musin.de\/medienberufe\/wp-json\/wp\/v2\/types\/page"}],"author":[{"embeddable":true,"href":"https:\/\/bsmedien.musin.de\/medienberufe\/wp-json\/wp\/v2\/users\/1"}],"replies":[{"embeddable":true,"href":"https:\/\/bsmedien.musin.de\/medienberufe\/wp-json\/wp\/v2\/comments?post=380"}],"version-history":[{"count":25,"href":"https:\/\/bsmedien.musin.de\/medienberufe\/wp-json\/wp\/v2\/pages\/380\/revisions"}],"predecessor-version":[{"id":3329,"href":"https:\/\/bsmedien.musin.de\/medienberufe\/wp-json\/wp\/v2\/pages\/380\/revisions\/3329"}],"up":[{"embeddable":true,"href":"https:\/\/bsmedien.musin.de\/medienberufe\/wp-json\/wp\/v2\/pages\/131"}],"wp:attachment":[{"href":"https:\/\/bsmedien.musin.de\/medienberufe\/wp-json\/wp\/v2\/media?parent=380"}],"curies":[{"name":"wp","href":"https:\/\/api.w.org\/{rel}","templated":true}]}}