{"id":2951,"date":"2023-05-23T13:36:53","date_gmt":"2023-05-23T11:36:53","guid":{"rendered":"https:\/\/bsmedien.musin.de\/medienberufe\/?page_id=2951"},"modified":"2025-04-25T12:27:58","modified_gmt":"2025-04-25T10:27:58","slug":"auslandspraktikum","status":"publish","type":"page","link":"https:\/\/bsmedien.musin.de\/medienberufe\/international\/auslandspraktikum\/","title":{"rendered":"Auslandspraktikum"},"content":{"rendered":"<p>[et_pb_section fb_built=&#8220;1&#8243; _builder_version=&#8220;4.16&#8243; custom_padding=&#8220;35px||||false|false&#8220; global_colors_info=&#8220;{}&#8220;][et_pb_row use_custom_gutter=&#8220;on&#8220; gutter_width=&#8220;4&#8243; _builder_version=&#8220;4.21.0&#8243; custom_margin=&#8220;||||false|false&#8220; custom_padding=&#8220;20px||||false|false&#8220; global_colors_info=&#8220;{}&#8220;][et_pb_column type=&#8220;4_4&#8243; _builder_version=&#8220;4.16&#8243; global_colors_info=&#8220;{}&#8220;][et_pb_text _builder_version=&#8220;4.21.0&#8243; global_colors_info=&#8220;{}&#8220;]<\/p>\n<h2><strong><br \/>Auslandspraktikum\u00a0\u00a0\u00a0\u00a0\u00a0\u00a0\u00a0\u00a0\u00a0\u00a0\u00a0\u00a0 <img loading=\"lazy\" decoding=\"async\" src=\"https:\/\/bsmedien.musin.de\/medienberufe\/wp-content\/uploads\/2023\/05\/Erasmusfinanzierung-300x78.jpg\" alt=\"Kofinanziert durch das Programm Erasmus+ der Europ\u00e4ischen Union\" class=\"wp-image-2939 alignnone size-medium\" width=\"300\" height=\"78\" title=\"\">\u00a0\u00a0\u00a0\u00a0\u00a0\u00a0\u00a0\u00a0\u00a0\u00a0\u00a0\u00a0\u00a0\u00a0\u00a0\u00a0\u00a0\u00a0\u00a0\u00a0\u00a0\u00a0\u00a0\u00a0\u00a0\u00a0\u00a0\u00a0\u00a0\u00a0\u00a0\u00a0\u00a0\u00a0\u00a0\u00a0\u00a0\u00a0\u00a0\u00a0\u00a0\u00a0 <\/strong><\/h2>\n<p>Im Rahmen des von der Europ\u00e4ischen Union (EU) gef\u00f6rderten Erasmus+ Programms f\u00fcr berufliche Schulen bieten wir den Auszubildenden die M\u00f6glichkeit w\u00e4hrend oder nach der Ausbildung ein Auslandspraktikum von mindestens zwei Wochen bis maximal einem Jahr zu absolvieren. So k\u00f6nnen berufliche Kenntnisse angewendet und ausgebaut werden. Auch lernt man, sich in einer fremden Sprache und Arbeitskultur zurechtzufinden. Dieser interkulturelle Austausch ist eine wertvolle Lebenserfahrung.<\/p>\n<h3><strong>Auslandspraktikum w\u00e4hrend der Ausbildung<\/strong><\/h3>\n<p>Auch w\u00e4hrend der Ausbildungszeit kann ein Praktikum in Abstimmung mit dem Ausbildungsbetrieb absolviert werden.<\/p>\n<h3><strong>Auslandspraktikum nach der Ausbildung<\/strong><\/h3>\n<p>Nach der Ausbildung innerhalb eines Jahres kann man den Zeitraum f\u00fcr das Auslandspraktikum individuell w\u00e4hlen.<\/p>\n<p>&nbsp;<\/p>\n<h3><strong>\u00dcberblick<\/strong><\/h3>\n<p>[\/et_pb_text][\/et_pb_column][\/et_pb_row][et_pb_row column_structure=&#8220;2_5,3_5&#8243; _builder_version=&#8220;4.21.0&#8243; _module_preset=&#8220;default&#8220; global_colors_info=&#8220;{}&#8220;][et_pb_column type=&#8220;2_5&#8243; _builder_version=&#8220;4.21.0&#8243; _module_preset=&#8220;default&#8220; global_colors_info=&#8220;{}&#8220;][et_pb_text _builder_version=&#8220;4.21.0&#8243; _module_preset=&#8220;default&#8220; global_colors_info=&#8220;{}&#8220;]<\/p>\n<p>Bewerbungszeitraum:\u00a0\u00a0\u00a0\u00a0\u00a0\u00a0\u00a0\u00a0\u00a0\u00a0\u00a0\u00a0\u00a0<\/p>\n<p>Teilnahmevoraussetzungen:\u00a0<\/p>\n<p>&nbsp;<\/p>\n<p>&nbsp;<\/p>\n<p>Organisation:\u00a0\u00a0\u00a0<\/p>\n<p>&nbsp;<\/p>\n<p>&nbsp;<\/p>\n<p>Leistungen:\u00a0\u00a0\u00a0\u00a0\u00a0\u00a0\u00a0<\/p>\n<p>&nbsp;<\/p>\n<p>&nbsp;<\/p>\n<p>&nbsp;<\/p>\n<p>Finanzierung:\u00a0\u00a0\u00a0\u00a0\u00a0\u00a0\u00a0\u00a0\u00a0\u00a0\u00a0\u00a0\u00a0\u00a0\u00a0\u00a0\u00a0\u00a0\u00a0\u00a0\u00a0\u00a0\u00a0\u00a0\u00a0\u00a0\u00a0\u00a0\u00a0\u00a0\u00a0\u00a0\u00a0\u00a0\u00a0<\/p>\n<p>&nbsp;<\/p>\n<p>&nbsp;<\/p>\n<p>[\/et_pb_text][\/et_pb_column][et_pb_column type=&#8220;3_5&#8243; _builder_version=&#8220;4.21.0&#8243; _module_preset=&#8220;default&#8220; global_colors_info=&#8220;{}&#8220;][et_pb_text _builder_version=&#8220;4.21.0&#8243; _module_preset=&#8220;default&#8220; global_colors_info=&#8220;{}&#8220;]<\/p>\n<p>sobald wie m\u00f6glich an das Erasmus+ Team herantreten<\/p>\n<p>Bewerben k\u00f6nnen sich Auszubildende, die:<br \/>&#8211; zum Zeitpunkt der Abreise mindestens 18 Jahre alt und noch im<br \/>Ausbildungsverh\u00e4ltnis sind, oder der Ausbildungszeitraum kein Jahr<br \/>zur\u00fcckliegt<\/p>\n<p>gerne unterst\u00fctzen wir auch Interessierte mit wenig <br \/>Auslandserfahrungen oder Einschr\u00e4nkungen. Trau dich, <br \/>wir unterst\u00fctzen dich!<\/p>\n<p>1. Schritt: Wann und wie lange soll das Praktikum sein?<br \/>2. Schritt: Wohin soll es gehen?<br \/>3. Schritt: Die weitere Planung erfolgt in Zusammenarbeit mit dem<br \/>mit dem Erasmus+ Team<\/p>\n<p>Stipendium f\u00fcr Reise- und Aufenthaltskosten, dieses variiert je nach<br \/>Zielland, interkulturelle Seminare, Vor- und Nachbereitungsseminare<br \/>in Deutschland, pers\u00f6nliche und fachliche Betreuung durch das<br \/>Erasmus+ Team.<\/p>\n<p>Durch das Erasmus+ Programm der Europ\u00e4ischen Union,<br \/>eventuell mit Unterst\u00fctzung des Ausbildungsbetriebs und einem<br \/>Eigenanteil<\/p>\n<p>&nbsp;<\/p>\n<p>[\/et_pb_text][\/et_pb_column][\/et_pb_row][\/et_pb_section]<\/p>\n","protected":false},"excerpt":{"rendered":"<p>Auslandspraktikum\u00a0\u00a0\u00a0\u00a0\u00a0\u00a0\u00a0\u00a0\u00a0\u00a0\u00a0\u00a0 \u00a0\u00a0\u00a0\u00a0\u00a0\u00a0\u00a0\u00a0\u00a0\u00a0\u00a0\u00a0\u00a0\u00a0\u00a0\u00a0\u00a0\u00a0\u00a0\u00a0\u00a0\u00a0\u00a0\u00a0\u00a0\u00a0\u00a0\u00a0\u00a0\u00a0\u00a0\u00a0\u00a0\u00a0\u00a0\u00a0\u00a0\u00a0\u00a0\u00a0\u00a0\u00a0 Im Rahmen des von der Europ\u00e4ischen Union (EU) gef\u00f6rderten Erasmus+ Programms f\u00fcr berufliche Schulen bieten wir den Auszubildenden die M\u00f6glichkeit w\u00e4hrend oder nach der Ausbildung ein Auslandspraktikum von mindestens zwei Wochen bis maximal einem Jahr zu absolvieren. So k\u00f6nnen berufliche Kenntnisse angewendet und ausgebaut werden. Auch lernt man, sich in einer fremden Sprache [&hellip;]<\/p>\n","protected":false},"author":4,"featured_media":0,"parent":80,"menu_order":0,"comment_status":"closed","ping_status":"closed","template":"","meta":{"_et_pb_use_builder":"on","_et_pb_old_content":"","_et_gb_content_width":"","footnotes":""},"class_list":["post-2951","page","type-page","status-publish","hentry"],"_links":{"self":[{"href":"https:\/\/bsmedien.musin.de\/medienberufe\/wp-json\/wp\/v2\/pages\/2951","targetHints":{"allow":["GET"]}}],"collection":[{"href":"https:\/\/bsmedien.musin.de\/medienberufe\/wp-json\/wp\/v2\/pages"}],"about":[{"href":"https:\/\/bsmedien.musin.de\/medienberufe\/wp-json\/wp\/v2\/types\/page"}],"author":[{"embeddable":true,"href":"https:\/\/bsmedien.musin.de\/medienberufe\/wp-json\/wp\/v2\/users\/4"}],"replies":[{"embeddable":true,"href":"https:\/\/bsmedien.musin.de\/medienberufe\/wp-json\/wp\/v2\/comments?post=2951"}],"version-history":[{"count":2,"href":"https:\/\/bsmedien.musin.de\/medienberufe\/wp-json\/wp\/v2\/pages\/2951\/revisions"}],"predecessor-version":[{"id":2964,"href":"https:\/\/bsmedien.musin.de\/medienberufe\/wp-json\/wp\/v2\/pages\/2951\/revisions\/2964"}],"up":[{"embeddable":true,"href":"https:\/\/bsmedien.musin.de\/medienberufe\/wp-json\/wp\/v2\/pages\/80"}],"wp:attachment":[{"href":"https:\/\/bsmedien.musin.de\/medienberufe\/wp-json\/wp\/v2\/media?parent=2951"}],"curies":[{"name":"wp","href":"https:\/\/api.w.org\/{rel}","templated":true}]}}

<p>[et_pb_section fb_built=&#8220;1&#8243; _builder_version=&#8220;4.16&#8243; custom_padding=&#8220;35px||||false|false&#8220; global_colors_info=&#8220;{}&#8220;][et_pb_row use_custom_gutter=&#8220;on&#8220; gutter_width=&#8220;4&#8243; _builder_version=&#8220;4.21.0&#8243; custom_margin=&#8220;||||false|false&#8220; custom_padding=&#8220;20px||||false|false&#8220; global_colors_info=&#8220;{}&#8220;][et_pb_column type=&#8220;4_4&#8243; _builder_version=&#8220;4.16&#8243; global_colors_info=&#8220;{}&#8220;][et_pb_text _builder_version=&#8220;4.21.0&#8243; global_colors_info=&#8220;{}&#8220;]</p>
<h2><strong><br />Auslandspraktikum             <img loading="lazy" decoding="async" src="https://bsmedien.musin.de/medienberufe/wp-content/uploads/2023/05/Erasmusfinanzierung-300x78.jpg" alt="Kofinanziert durch das Programm Erasmus+ der Europäischen Union" class="wp-image-2939 alignnone size-medium" width="300" height="78" title="">                                           </strong></h2>
<p>Im Rahmen des von der Europäischen Union (EU) geförderten Erasmus+ Programms für berufliche Schulen bieten wir den Auszubildenden die Möglichkeit während oder nach der Ausbildung ein Auslandspraktikum von mindestens zwei Wochen bis maximal einem Jahr zu absolvieren. So können berufliche Kenntnisse angewendet und ausgebaut werden. Auch lernt man, sich in einer fremden Sprache und Arbeitskultur zurechtzufinden. Dieser interkulturelle Austausch ist eine wertvolle Lebenserfahrung.</p>
<h3><strong>Auslandspraktikum während der Ausbildung</strong></h3>
<p>Auch während der Ausbildungszeit kann ein Praktikum in Abstimmung mit dem Ausbildungsbetrieb absolviert werden.</p>
<h3><strong>Auslandspraktikum nach der Ausbildung</strong></h3>
<p>Nach der Ausbildung innerhalb eines Jahres kann man den Zeitraum für das Auslandspraktikum individuell wählen.</p>
<p>&nbsp;</p>
<h3><strong>Überblick</strong></h3>
<p>[/et_pb_text][/et_pb_column][/et_pb_row][et_pb_row column_structure=&#8220;2_5,3_5&#8243; _builder_version=&#8220;4.21.0&#8243; _module_preset=&#8220;default&#8220; global_colors_info=&#8220;{}&#8220;][et_pb_column type=&#8220;2_5&#8243; _builder_version=&#8220;4.21.0&#8243; _module_preset=&#8220;default&#8220; global_colors_info=&#8220;{}&#8220;][et_pb_text _builder_version=&#8220;4.21.0&#8243; _module_preset=&#8220;default&#8220; global_colors_info=&#8220;{}&#8220;]</p>
<p>Bewerbungszeitraum:             </p>
<p>Teilnahmevoraussetzungen: </p>
<p>&nbsp;</p>
<p>&nbsp;</p>
<p>Organisation:   </p>
<p>&nbsp;</p>
<p>&nbsp;</p>
<p>Leistungen:       </p>
<p>&nbsp;</p>
<p>&nbsp;</p>
<p>&nbsp;</p>
<p>Finanzierung:                                   </p>
<p>&nbsp;</p>
<p>&nbsp;</p>
<p>[/et_pb_text][/et_pb_column][et_pb_column type=&#8220;3_5&#8243; _builder_version=&#8220;4.21.0&#8243; _module_preset=&#8220;default&#8220; global_colors_info=&#8220;{}&#8220;][et_pb_text _builder_version=&#8220;4.21.0&#8243; _module_preset=&#8220;default&#8220; global_colors_info=&#8220;{}&#8220;]</p>
<p>sobald wie möglich an das Erasmus+ Team herantreten</p>
<p>Bewerben können sich Auszubildende, die:<br />&#8211; zum Zeitpunkt der Abreise mindestens 18 Jahre alt und noch im<br />Ausbildungsverhältnis sind, oder der Ausbildungszeitraum kein Jahr<br />zurückliegt</p>
<p>gerne unterstützen wir auch Interessierte mit wenig <br />Auslandserfahrungen oder Einschränkungen. Trau dich, <br />wir unterstützen dich!</p>
<p>1. Schritt: Wann und wie lange soll das Praktikum sein?<br />2. Schritt: Wohin soll es gehen?<br />3. Schritt: Die weitere Planung erfolgt in Zusammenarbeit mit dem<br />mit dem Erasmus+ Team</p>
<p>Stipendium für Reise- und Aufenthaltskosten, dieses variiert je nach<br />Zielland, interkulturelle Seminare, Vor- und Nachbereitungsseminare<br />in Deutschland, persönliche und fachliche Betreuung durch das<br />Erasmus+ Team.</p>
<p>Durch das Erasmus+ Programm der Europäischen Union,<br />eventuell mit Unterstützung des Ausbildungsbetriebs und einem<br />Eigenanteil</p>
<p>&nbsp;</p>
<p>[/et_pb_text][/et_pb_column][/et_pb_row][/et_pb_section]</p>

<p>Auslandspraktikum                                                        Im Rahmen des von der Europäischen Union (EU) geförderten Erasmus+ Programms für berufliche Schulen bieten wir den Auszubildenden die Möglichkeit während oder nach der Ausbildung ein Auslandspraktikum von mindestens zwei Wochen bis maximal einem Jahr zu absolvieren. So können berufliche Kenntnisse angewendet und ausgebaut werden. Auch lernt man, sich in einer fremden Sprache [&hellip;]</p>
