{"id":272,"date":"2019-10-10T09:30:06","date_gmt":"2019-10-10T07:30:06","guid":{"rendered":"https:\/\/bsmedien.musin.de\/medienberufe\/?page_id=272"},"modified":"2026-01-16T11:38:53","modified_gmt":"2026-01-16T10:38:53","slug":"wohnheim","status":"publish","type":"page","link":"https:\/\/bsmedien.musin.de\/medienberufe\/wohnheim\/","title":{"rendered":"Wohnheim"},"content":{"rendered":"<p>[et_pb_section fb_built=&#8220;1&#8243; fullwidth=&#8220;on&#8220; _builder_version=&#8220;4.16&#8243; global_colors_info=&#8220;{}&#8220;][et_pb_fullwidth_image src=&#8220;https:\/\/bsmedien.musin.de\/medienberufe\/wp-content\/uploads\/2019\/10\/berufsschule-medienberufe-muenchen-10.jpg&#8220; _builder_version=&#8220;4.16&#8243; global_colors_info=&#8220;{}&#8220;][\/et_pb_fullwidth_image][\/et_pb_section][et_pb_section fb_built=&#8220;1&#8243; _builder_version=&#8220;4.16&#8243; custom_padding=&#8220;10px||||false|false&#8220; global_colors_info=&#8220;{}&#8220;][et_pb_row _builder_version=&#8220;4.16&#8243; custom_padding=&#8220;5px||||false|false&#8220; global_colors_info=&#8220;{}&#8220;][et_pb_column type=&#8220;4_4&#8243; _builder_version=&#8220;4.16&#8243; global_colors_info=&#8220;{}&#8220;][et_pb_text _builder_version=&#8220;4.27.5&#8243; hover_enabled=&#8220;0&#8243; global_colors_info=&#8220;{}&#8220; sticky_enabled=&#8220;0&#8243;]<\/p>\n<p><strong><\/strong><\/p>\n<h2>Wohnheim<\/h2>\n<p><strong>\u00a0<\/strong><\/p>\n<p><strong>Anspruch<\/strong><br \/>Ob Sie Anspruch auf eine Wohnheimunterbringung haben, k\u00f6nnen Sie unserem <a href=\"https:\/\/bsmedien.musin.de\/medienberufe\/wp-content\/uploads\/2019\/10\/Merkblatt_Wohnheimunterbringung.pdf\">Merkblatt<\/a> entnehmen.<\/p>\n<p><strong>Pr\u00fcfung<\/strong><br \/>Ihr Anspruch wird mit einer Abfrage vorab gepr\u00fcft.<br \/>Bitte f\u00fcllen Sie hierzu folgendes <a href=\"https:\/\/bsmedien.musin.de\/medienberufe\/wp-content\/uploads\/2025\/11\/Formular_Wohnheimantrag.pdf\">Formular <\/a>aus und geben Sie dies im Sekretariat ab.<\/p>\n<p><strong>Auswahl<\/strong><br \/>Bei der Auswahl eines Wohnheims hilft Ihnen unsere <a href=\"https:\/\/bsmedien.musin.de\/medienberufe\/wp-content\/uploads\/2025\/12\/Wohnheime-und-Appartments-in-Muenchen-2.pdf\">Wohnheimliste<\/a>. Unser Sekretariatsteam gibt Ihnen gerne auch telefonische Auskunft.<\/p>\n<p>[\/et_pb_text][\/et_pb_column][\/et_pb_row][\/et_pb_section]<\/p>\n","protected":false},"excerpt":{"rendered":"<p>Wohnheim \u00a0 AnspruchOb Sie Anspruch auf eine Wohnheimunterbringung haben, k\u00f6nnen Sie unserem Merkblatt entnehmen. Pr\u00fcfungIhr Anspruch wird mit einer Abfrage vorab gepr\u00fcft.Bitte f\u00fcllen Sie hierzu folgendes Formular aus und geben Sie dies im Sekretariat ab. AuswahlBei der Auswahl eines Wohnheims hilft Ihnen unsere Wohnheimliste. Unser Sekretariatsteam gibt Ihnen gerne auch telefonische Auskunft.<\/p>\n","protected":false},"author":1,"featured_media":0,"parent":0,"menu_order":0,"comment_status":"closed","ping_status":"closed","template":"","meta":{"_et_pb_use_builder":"on","_et_pb_old_content":"","_et_gb_content_width":"","footnotes":""},"class_list":["post-272","page","type-page","status-publish","hentry"],"_links":{"self":[{"href":"https:\/\/bsmedien.musin.de\/medienberufe\/wp-json\/wp\/v2\/pages\/272","targetHints":{"allow":["GET"]}}],"collection":[{"href":"https:\/\/bsmedien.musin.de\/medienberufe\/wp-json\/wp\/v2\/pages"}],"about":[{"href":"https:\/\/bsmedien.musin.de\/medienberufe\/wp-json\/wp\/v2\/types\/page"}],"author":[{"embeddable":true,"href":"https:\/\/bsmedien.musin.de\/medienberufe\/wp-json\/wp\/v2\/users\/1"}],"replies":[{"embeddable":true,"href":"https:\/\/bsmedien.musin.de\/medienberufe\/wp-json\/wp\/v2\/comments?post=272"}],"version-history":[{"count":12,"href":"https:\/\/bsmedien.musin.de\/medienberufe\/wp-json\/wp\/v2\/pages\/272\/revisions"}],"predecessor-version":[{"id":3411,"href":"https:\/\/bsmedien.musin.de\/medienberufe\/wp-json\/wp\/v2\/pages\/272\/revisions\/3411"}],"wp:attachment":[{"href":"https:\/\/bsmedien.musin.de\/medienberufe\/wp-json\/wp\/v2\/media?parent=272"}],"curies":[{"name":"wp","href":"https:\/\/api.w.org\/{rel}","templated":true}]}}