{"id":248,"date":"2019-10-07T13:24:52","date_gmt":"2019-10-07T11:24:52","guid":{"rendered":"https:\/\/bsmedien.musin.de\/medienberufe\/?page_id=248"},"modified":"2026-01-13T09:03:06","modified_gmt":"2026-01-13T08:03:06","slug":"anmeldung","status":"publish","type":"page","link":"https:\/\/bsmedien.musin.de\/medienberufe\/anmeldung\/","title":{"rendered":"Anmeldung"},"content":{"rendered":"<p>[et_pb_section fb_built=&#8220;1&#8243; _builder_version=&#8220;4.16&#8243; global_colors_info=&#8220;{}&#8220;][et_pb_row _builder_version=&#8220;4.16&#8243; background_size=&#8220;initial&#8220; background_position=&#8220;top_left&#8220; background_repeat=&#8220;repeat&#8220; global_colors_info=&#8220;{}&#8220;][et_pb_column type=&#8220;4_4&#8243; _builder_version=&#8220;4.16&#8243; custom_padding=&#8220;|||&#8220; global_colors_info=&#8220;{}&#8220; custom_padding__hover=&#8220;|||&#8220;][et_pb_text _builder_version=&#8220;4.27.4&#8243; background_size=&#8220;initial&#8220; background_position=&#8220;top_left&#8220; background_repeat=&#8220;repeat&#8220; global_colors_info=&#8220;{}&#8220;]<\/p>\n<p>&nbsp;<\/p>\n<p><!-- divi:paragraph --><\/p>\n<p>&nbsp;<\/p>\n<p><!-- \/divi:paragraph --><!-- divi:paragraph --><\/p>\n<p>Bitte f\u00fcllen Sie das interaktive Anmeldeformular (<a href=\"https:\/\/bsmedien.musin.de\/medienberufe\/wp-content\/uploads\/2025\/05\/Anmeldeformular-interaktiv-2.pdf\">PDF<\/a>)\u00a0<a href=\"https:\/\/bsmedien.musin.de\/medienberufe\/wp-content\/uploads\/2019\/10\/Anmeldeblatt_BS-Medienberufe_neu.doc\"> <\/a>vollst\u00e4ndig aus.<\/p>\n<p>&nbsp;<\/p>\n<p>&nbsp;<\/p>\n<p>&nbsp;<\/p>\n<p><!-- \/divi:paragraph --><!-- divi:paragraph --><\/p>\n<p><strong>Achten Sie bitte unbedingt auf die Kontaktdaten, Email-Adresse, Telefon- und Faxnummer<\/strong>, die wir f\u00fcr unsere Korrespondenz mit Ihnen ben\u00f6tigen.<\/p>\n<p>&nbsp;<\/p>\n<p>&nbsp;<\/p>\n<p>&nbsp;<\/p>\n<p><!-- \/divi:paragraph --><!-- divi:paragraph --><\/p>\n<p>Schicken Sie das vollst\u00e4ndig ausgef\u00fcllte Formular an uns, entweder<br \/>per <a href=\"mailto:bsmedien.sekretariat@muenchen.de\">E-Mail <\/a><\/p>\n<p>&nbsp;<\/p>\n<p>&nbsp;<\/p>\n<p>oder<br \/>per Post<br \/><a href=\"mailto:bsmedien.sekretariat@muenchen.de\"><\/a><\/p>\n<p>&nbsp;<\/p>\n<p><!-- \/divi:paragraph --><\/p>\n<p>&nbsp;<\/p>\n<p><!-- divi:paragraph --><\/p>\n<p>Leider k\u00f6nnen wir Ihnen keine sofortige Eingangsbest\u00e4tigung geben.<br \/>Sie werden aber in jedem Fall rechtzeitig vor Blockbeginn von uns benachrichtigt.<\/p>\n<p>&nbsp;<\/p>\n<p>&nbsp;<\/p>\n<p>&nbsp;<\/p>\n<p><!-- \/divi:paragraph --><!-- divi:paragraph --><\/p>\n<p>Grunds\u00e4tzlich ist ein Einstieg in das laufende Schuljahr jederzeit m\u00f6glich, sofern ein Ausbildungsvertrag vorliegt. Es kann jedoch bei Vertr\u00e4gen, deren Ausbildungsbeginn zwischen Dezember und Mai liegt, schwierig werden, die Auszubildenden in den laufenden Schulbetrieb zu integrieren, da diese teilweise enorme Stoffmengen nacharbeiten m\u00fcssten.<\/p>\n<p>&nbsp;<\/p>\n<p>&nbsp;<\/p>\n<p>&nbsp;<\/p>\n<p><!-- \/divi:paragraph -->[\/et_pb_text][\/et_pb_column][\/et_pb_row][\/et_pb_section]<\/p>\n","protected":false},"excerpt":{"rendered":"<p>&nbsp; &nbsp; Bitte f\u00fcllen Sie das interaktive Anmeldeformular (PDF)\u00a0 vollst\u00e4ndig aus. &nbsp; &nbsp; &nbsp; Achten Sie bitte unbedingt auf die Kontaktdaten, Email-Adresse, Telefon- und Faxnummer, die wir f\u00fcr unsere Korrespondenz mit Ihnen ben\u00f6tigen. &nbsp; &nbsp; &nbsp; Schicken Sie das vollst\u00e4ndig ausgef\u00fcllte Formular an uns, entwederper E-Mail &nbsp; &nbsp; oderper Post &nbsp; &nbsp; Leider k\u00f6nnen wir [&hellip;]<\/p>\n","protected":false},"author":1,"featured_media":0,"parent":0,"menu_order":0,"comment_status":"closed","ping_status":"closed","template":"","meta":{"_et_pb_use_builder":"on","_et_pb_old_content":"<!-- wp:paragraph -->\r\n<p><strong>Voraussetzung f\u00fcr die Anmeldung ist ein  g\u00fcltiger Ausbildungs- oder Umschulungsvertrag.<\/strong><\/p>\r\n<!-- \/wp:paragraph -->\r\n\r\n<!-- wp:paragraph -->\r\n<p>Bitte f\u00fcllen Sie das Anmeldeformular <a href=\"https:\/\/bsmedien.musin.de\/medienberufe\/wp-content\/uploads\/2019\/10\/Anmeldeblatt_BS-Medienberufe_neu.pdf\">pdf <\/a>oder <a href=\"https:\/\/bsmedien.musin.de\/medienberufe\/wp-content\/uploads\/2019\/10\/Anmeldeblatt_BS-Medienberufe_neu.doc\">doc <\/a>vollst\u00e4ndig aus. <\/p>\r\n<!-- \/wp:paragraph -->\r\n\r\n<!-- wp:paragraph -->\r\n<p><strong>Achten Sie bitte unbedingt auf die Kontaktdaten, Email-Adresse, Telefon- und Faxnummer<\/strong>, die wir f\u00fcr unsere Korrespondenz mit Ihnen ben\u00f6tigen.<\/p>\r\n<!-- \/wp:paragraph -->\r\n\r\n<!-- wp:paragraph -->\r\n<p>Schicken Sie das vollst\u00e4ndig ausgef\u00fcllte Formular an uns zur\u00fcck, entweder<br>per Fax 089 233 85501<br>per Post oder <br>per <a href=\"mailto:bsmedien.sekretariat@muenchen.de\">E-Mail <\/a><\/p>\r\n<!-- \/wp:paragraph -->\r\n\r\n<!-- wp:paragraph -->\r\n<p>Leider k\u00f6nnen wir Ihnen keine sofortige Eingangsbest\u00e4tigung geben.<br>Sie werden aber in jedem Fall rechtzeitig vor Blockbeginn von uns benachrichtigt.<\/p>\r\n<!-- \/wp:paragraph -->\r\n\r\n<!-- wp:paragraph -->\r\n<p>Grunds\u00e4tzlich ist ein Einstieg in das laufende Schuljahr jederzeit m\u00f6glich, sofern ein Ausbildungsvertrag vorliegt. Es kann jedoch bei Vertr\u00e4gen, deren Ausbildungsbeginn zwischen Dezember und Mai liegt, schwierig werden, die Auszubildenden in den laufenden Schulbetrieb zu integrieren, da diese teilweise enorme Stoffmengen nacharbeiten m\u00fcssten.<\/p>\r\n<!-- \/wp:paragraph -->","_et_gb_content_width":"","footnotes":""},"class_list":["post-248","page","type-page","status-publish","hentry"],"_links":{"self":[{"href":"https:\/\/bsmedien.musin.de\/medienberufe\/wp-json\/wp\/v2\/pages\/248","targetHints":{"allow":["GET"]}}],"collection":[{"href":"https:\/\/bsmedien.musin.de\/medienberufe\/wp-json\/wp\/v2\/pages"}],"about":[{"href":"https:\/\/bsmedien.musin.de\/medienberufe\/wp-json\/wp\/v2\/types\/page"}],"author":[{"embeddable":true,"href":"https:\/\/bsmedien.musin.de\/medienberufe\/wp-json\/wp\/v2\/users\/1"}],"replies":[{"embeddable":true,"href":"https:\/\/bsmedien.musin.de\/medienberufe\/wp-json\/wp\/v2\/comments?post=248"}],"version-history":[{"count":21,"href":"https:\/\/bsmedien.musin.de\/medienberufe\/wp-json\/wp\/v2\/pages\/248\/revisions"}],"predecessor-version":[{"id":3406,"href":"https:\/\/bsmedien.musin.de\/medienberufe\/wp-json\/wp\/v2\/pages\/248\/revisions\/3406"}],"wp:attachment":[{"href":"https:\/\/bsmedien.musin.de\/medienberufe\/wp-json\/wp\/v2\/media?parent=248"}],"curies":[{"name":"wp","href":"https:\/\/api.w.org\/{rel}","templated":true}]}}